{"id":736,"date":"2024-04-27T22:08:11","date_gmt":"2024-04-27T22:08:11","guid":{"rendered":"https:\/\/appmes.rs\/?page_id=736"},"modified":"2025-02-14T13:24:19","modified_gmt":"2025-02-14T13:24:19","slug":"video-archive","status":"publish","type":"page","link":"https:\/\/appmes.rs\/index.php\/archive\/video-archive\/","title":{"rendered":"Video Archive"},"content":{"rendered":"\n<h4 class=\"wp-block-heading\">Concert <em><a href=\"https:\/\/appmes.rs\/index.php\/intertwined-with-the-music-and-dance-of-burundi\/\" data-type=\"page\" data-id=\"5311\" target=\"_blank\" rel=\"noreferrer noopener\">Intertwined with the Music and Dance of Burundi<\/a><\/em><\/h4>\n\n\n\n<h4 class=\"wp-block-heading\">Lecture-Recital by Ivana Medi\u0107 <em>In Honour of Prof. Milanka Mi\u0161evi\u0107<\/em><\/h4>\n\n\n\n<p><\/p>\n","protected":false},"excerpt":{"rendered":"<p>Concert Intertwined with the Music and Dance of Burundi Lecture-Recital by Ivana Medi\u0107 In Honour of Prof. Milanka Mi\u0161evi\u0107<\/p>\n","protected":false},"author":1,"featured_media":0,"parent":73,"menu_order":4,"comment_status":"closed","ping_status":"closed","template":"","meta":{"ngg_post_thumbnail":0,"footnotes":""},"class_list":["post-736","page","type-page","status-publish","hentry"],"_links":{"self":[{"href":"https:\/\/appmes.rs\/index.php\/wp-json\/wp\/v2\/pages\/736","targetHints":{"allow":["GET"]}}],"collection":[{"href":"https:\/\/appmes.rs\/index.php\/wp-json\/wp\/v2\/pages"}],"about":[{"href":"https:\/\/appmes.rs\/index.php\/wp-json\/wp\/v2\/types\/page"}],"author":[{"embeddable":true,"href":"https:\/\/appmes.rs\/index.php\/wp-json\/wp\/v2\/users\/1"}],"replies":[{"embeddable":true,"href":"https:\/\/appmes.rs\/index.php\/wp-json\/wp\/v2\/comments?post=736"}],"version-history":[{"count":6,"href":"https:\/\/appmes.rs\/index.php\/wp-json\/wp\/v2\/pages\/736\/revisions"}],"predecessor-version":[{"id":5317,"href":"https:\/\/appmes.rs\/index.php\/wp-json\/wp\/v2\/pages\/736\/revisions\/5317"}],"up":[{"embeddable":true,"href":"https:\/\/appmes.rs\/index.php\/wp-json\/wp\/v2\/pages\/73"}],"wp:attachment":[{"href":"https:\/\/appmes.rs\/index.php\/wp-json\/wp\/v2\/media?parent=736"}],"curies":[{"name":"wp","href":"https:\/\/api.w.org\/{rel}","templated":true}]}}