{"id":58,"date":"2023-12-09T10:28:51","date_gmt":"2023-12-09T10:28:51","guid":{"rendered":"https:\/\/appmes.rs\/?page_id=58"},"modified":"2025-05-10T17:56:56","modified_gmt":"2025-05-10T17:56:56","slug":"conferences","status":"publish","type":"page","link":"https:\/\/appmes.rs\/index.php\/conferences\/","title":{"rendered":"Conferences"},"content":{"rendered":"\n<h2 class=\"wp-block-heading\">2022<\/h2>\n\n\n\n<ol class=\"wp-block-list\">\n<li>Bralovi\u0107, Milo\u0161. 2022.&nbsp;&#8220;Composing&nbsp;in&nbsp;the&nbsp;Time&nbsp;of&nbsp;Crisis: Why Does Music Creation Output Not Stop?\u201d, 13th International Symposium <em>Music in Society<\/em>, Sarajevo, Musicological&nbsp;Society&nbsp;of&nbsp;the&nbsp;Federation&nbsp;of&nbsp;Bosnia-Herzegovina and the University of Sarajevo, 7\u201310 December 2022,&nbsp;54\u201355,&nbsp;<a href=\"https:\/\/dais.sanu.ac.rs\/handle\/123456789\/13466\" target=\"_blank\" rel=\"noreferrer noopener\">https:\/\/dais.sanu.ac.rs\/handle\/123456789\/13466<\/a>&nbsp;<\/li>\n\n\n\n<li>Dumni\u0107 Vilotijevi\u0107, Marija. 2022. &#8220;Construction of National Music in Early Discography: The Case of Serbian Folk Music&#8221;, Panel &#8220;Labeling National Identity: Serbian Folk Music, Military Bands and Orthodox Church Chant on 78 rpm Gramophone Records&#8221;, ICTM: 46th World Conference. Lisbon. Portugal. 21-27 July 2022. Book of Abstracts, 2022, 77-78, <a href=\"https:\/\/dais.sanu.ac.rs\/handle\/123456789\/13376\" target=\"_blank\" rel=\"noreferrer noopener\">https:\/\/dais.sanu.ac.rs\/handle\/123456789\/13376<\/a><\/li>\n\n\n\n<li>Dumni\u0107&nbsp;Vilotijevi\u0107, Marija. 2022.&nbsp;&#8220;Pluralistic&nbsp;Musicscape&nbsp;of&nbsp;Belgrade: Cases of Old Urban Music and Music of Migrants\u201d, Conference <em>Klang&nbsp;in&nbsp;der&nbsp;Stadt: Music&nbsp;in&nbsp;middle-European Cities<\/em>, Palais Meran Kunst Universitat Graz, Austria, 17\u201318 November 2022,&nbsp;<a href=\"https:\/\/dais.sanu.ac.rs\/handle\/123456789\/13728\" target=\"_blank\" rel=\"noreferrer noopener\">https:\/\/dais.sanu.ac.rs\/handle\/123456789\/13728<\/a>&nbsp;<\/li>\n\n\n\n<li>Grbovi\u0107, Vanja. 2022.&nbsp;&#8220;Awards&nbsp;and&nbsp;Rewards&nbsp;in&nbsp;the&nbsp;Field&nbsp;of&nbsp;Music&#8221;,&nbsp;13th International Symposium <em>Music in Society<\/em>, Sarajevo, Musicological Society of the Federation of Bosnia-Herzegovina and the University of Sarajevo, 7\u201310 December 2022,&nbsp;76\u201377,&nbsp;<a href=\"https:\/\/dais.sanu.ac.rs\/handle\/123456789\/13472\" target=\"_blank\" rel=\"noreferrer noopener\">https:\/\/dais.sanu.ac.rs\/handle\/123456789\/13472<\/a> &nbsp;<\/li>\n\n\n\n<li>Jovanovi\u0107, Jelena. 2022. &#8220;Experience of Embodying Otherness through Serbian and other Traditional Songs, in Serbia and Abroad&#8221;, ICTM: 46th World Conference. Lisbon. Portugal. 21\u201327 July 2022. Book of Abstracts, 2022, 137, <a href=\"https:\/\/dais.sanu.ac.rs\/handle\/123456789\/13379\" target=\"_blank\" rel=\"noreferrer noopener\">https:\/\/dais.sanu.ac.rs\/handle\/123456789\/13379<\/a><\/li>\n\n\n\n<li>Jovanovi\u0107, Jelena,&nbsp;and&nbsp;Milo\u0161&nbsp;Bralovi\u0107. 2022.&nbsp;&#8220;Kompozicija&nbsp;&#8216;Natpis&#8217; na stihove Stanislava Vinavera u ranom opusu Vladimira Lj. Jovanovi\u0107a\u201d, Conference <em>Stanislav Vinaver and Music<\/em>, Belgrade and \u0160abac, 25\u201326 November 2022, 22\u201323, <a href=\"https:\/\/dais.sanu.ac.rs\/handle\/123456789\/13696\" target=\"_blank\" rel=\"noreferrer noopener\">https:\/\/dais.sanu.ac.rs\/handle\/123456789\/13696<\/a> &nbsp;<\/li>\n\n\n\n<li>Laji\u0107 Mihajlovi\u0107, Danka. 2022. &#8220;Discography of Military Orchestras and (Re)shaping of Cultural Identities: The Case of the Orchestra &#8216;Music of the King\u2019s Guard'&#8221;, Panel &#8220;Labeling National Identity: Serbian Folk Music, Military Bands and Orthodox Church Chant on 78 rpm Gramophone Records&#8221;, ICTM: 46th World Conference. Lisbon. Portugal. 21-27 July 2022. Book of Abstracts, 2022, 153, <a href=\"https:\/\/dais.sanu.ac.rs\/handle\/123456789\/13377\" target=\"_blank\" rel=\"noreferrer noopener\">https:\/\/dais.sanu.ac.rs\/handle\/123456789\/13377<\/a><\/li>\n\n\n\n<li>Maglov, Marija. 2022. \u201cRadiophonic Music Essay and Applied Musicology. <em>Ono malo \u010dega se se\u0107am<\/em> by Ivana Tri\u0161i\u0107\u201d, 13th International Symposium <em>Music in Society<\/em>, Sarajevo, Musicological&nbsp;Society&nbsp;of&nbsp;the&nbsp;Federation&nbsp;of&nbsp;Bosnia-Herzegovina and the University of Sarajevo, 7\u201310 December 2022,&nbsp;108\u2013109,&nbsp;<a href=\"https:\/\/dais.sanu.ac.rs\/handle\/123456789\/13467\" target=\"_blank\" rel=\"noreferrer noopener\">https:\/\/dais.sanu.ac.rs\/handle\/123456789\/13467<\/a>&nbsp;<\/li>\n\n\n\n<li>Marinkovi\u0107, Milo\u0161. 2022.&nbsp;&#8220;Music&nbsp;Festivals&nbsp;and&nbsp;Applied&nbsp;Musicology: Problems and Perspectives\u201d, 13th International Symposium <em>Music in Society<\/em>, Sarajevo, Musicological&nbsp;Society&nbsp;of&nbsp;the&nbsp;Federation&nbsp;of&nbsp;Bosnia-Herzegovina and the University of Sarajevo, 7\u201310 December 2022,&nbsp;110\u2013111,&nbsp;<a href=\"https:\/\/dais.sanu.ac.rs\/handle\/123456789\/13473\" target=\"_blank\" rel=\"noreferrer noopener\">https:\/\/dais.sanu.ac.rs\/handle\/123456789\/13473<\/a>&nbsp;<\/li>\n\n\n\n<li>Marjanovi\u0107, Nata\u0161a. 2022. &#8220;Early Discography and Preservation of (National) Tradition: The Case of The Conservatory of Serbian Church Chant&#8221;, Panel &#8220;Labeling National Identity: Serbian Folk Music, Military Bands and Orthodox Church Chant on 78 rpm Gramophone Records&#8221;, ICTM: 46th World Conference. Lisbon. Portugal. 21-27 July 2022. Book of Abstracts, 2022, 175, <a href=\"https:\/\/dais.sanu.ac.rs\/handle\/123456789\/13378\" target=\"_blank\" rel=\"noreferrer noopener\">https:\/\/dais.sanu.ac.rs\/handle\/123456789\/13378<\/a><\/li>\n\n\n\n<li>Medi\u0107, Ivana. 2022. &#8220;The Cicvari\u0107 Family as Pioneers of Cultural Entrepreneurship in Serbia and Yugoslavia&#8221;, Panel &#8220;Traditional Music and Dance Industries in Serbia and Yugoslavia from the Mid-19th Century to the Present Day&#8221;, ICTM: 46th World Conference. Lisbon. Portugal. 21-27 July 2022. Book of Abstracts, 2022, 181-182, <a href=\"https:\/\/dais.sanu.ac.rs\/handle\/123456789\/13372\" target=\"_blank\" rel=\"noreferrer noopener\">https:\/\/dais.sanu.ac.rs\/handle\/123456789\/13372<\/a><\/li>\n\n\n\n<li>Medi\u0107, Ivana, Biljana Milanovi\u0107 and Melita Milin. 2022. &#8220;BASEES\/REEM Study Session in memoriam Katy Romanou: On Serbian music&#8221;, IMS 2022. 21st Quinquennial Congress of the International Musicological Society. 22-26 August, 2022. Athens, Greece. Book of abstracts, 160-161, <a href=\"https:\/\/dais.sanu.ac.rs\/handle\/123456789\/13371\" target=\"_blank\" rel=\"noreferrer noopener\">https:\/\/dais.sanu.ac.rs\/handle\/123456789\/13371<\/a>&nbsp;<\/li>\n\n\n\n<li>Milanovi\u0107, Biljana. 2022. &#8220;Activism on Musical Stage: The Case of the Opera &#8216;The Last Little Girls'&#8221;, International Conference &#8220;Musical Multimedia as a Keystone of Artistic Manifestations in the 20th\u201321st Century Europe&#8221;, Krakow, Jagiellonian University of Krakow, 31 August \u2013 2 September 2022, <a href=\"https:\/\/dais.sanu.ac.rs\/handle\/123456789\/14274\" target=\"_blank\" rel=\"noreferrer noopener\">https:\/\/dais.sanu.ac.rs\/handle\/123456789\/14274<\/a>&nbsp;<\/li>\n\n\n\n<li>Milanovi\u0107, Biljana. 2022. &#8220;Shaping the Cultural Industry through Cultural Diplomacy: The Case of Traditional Dance Ensembles from the Socialist Yugoslavia&#8221;, Panel &#8220;Traditional Music and Dance Industries in Serbia and Yugoslavia from the Mid-19th Century to the Present Day&#8221;, ICTM: 46th World Conference. Lisbon. Portugal. 21-27 July 2022. Book of Abstracts, 2022, 181-182, <a href=\"https:\/\/dais.sanu.ac.rs\/handle\/123456789\/13374\" target=\"_blank\" rel=\"noreferrer noopener\">https:\/\/dais.sanu.ac.rs\/handle\/123456789\/13374<\/a><\/li>\n\n\n\n<li>Milin, Melita. 2022. \u201cExpressing the Religious and the Spiritual in Art Music under State-Socialism\u201d, Conference <em>Music and the Spiritual since the French Revolution<\/em>, Academia Musicala Chigiana, Siena, Italy, 1\u20133 December 2022, 11\u201312,&nbsp;<a href=\"https:\/\/dais.sanu.ac.rs\/handle\/123456789\/13725\" target=\"_blank\" rel=\"noreferrer noopener\">https:\/\/dais.sanu.ac.rs\/handle\/123456789\/13725<\/a>&nbsp;<\/li>\n\n\n\n<li>Radovanovi\u0107, Bojana,&nbsp;and&nbsp;Teodora&nbsp;Trajkovi\u0107. 2022. \u201cContemporary Strategies of Music Festivals: Rossi Fest from Belgrade\u201d, 13th International Symposium <em>Music in Society<\/em>, Sarajevo, Musicological&nbsp;Society&nbsp;of&nbsp;the&nbsp;Federation&nbsp;of&nbsp;Bosnia-Herzegovina and the University of Sarajevo, 7\u201310 December 2022,&nbsp;142\u2013143,&nbsp;<a href=\"https:\/\/dais.sanu.ac.rs\/handle\/123456789\/13468\" target=\"_blank\" rel=\"noreferrer noopener\">https:\/\/dais.sanu.ac.rs\/handle\/123456789\/13468<\/a>&nbsp;<\/li>\n\n\n\n<li>Toma\u0161evi\u0107, Katarina. 2022. &#8220;A Long Journey to the Future: On the Modalities of Preserving Tradition through Songs and Dances from the City of Vranje&#8221;, Panel &#8220;Traditional Music and Dance Industries in Serbia and Yugoslavia from the Mid-19th Century to the Present Day&#8221;, ICTM: 46th World Conference. Lisbon. Portugal. 21-27 July 2022. Book of Abstracts, 2022, 293, <a href=\"https:\/\/dais.sanu.ac.rs\/handle\/123456789\/13375\" target=\"_blank\" rel=\"noreferrer noopener\">https:\/\/dais.sanu.ac.rs\/handle\/123456789\/13375<\/a><\/li>\n<\/ol>\n\n\n\n<h2 class=\"wp-block-heading\">2023<\/h2>\n\n\n\n<ol class=\"wp-block-list\">\n<li>Dumni\u0107 Vilotijevi\u0107, Marija. 2023. &#8220;Challenges and Perspectives of Archiving Music and Dance of Migrant Communities in Serbia&#8221;. 2023 IASA Conference &amp; ICTMD Forum, 11\u201315 September 2023, Istanbul, Turkey, <a href=\"https:\/\/dais.sanu.ac.rs\/handle\/123456789\/15103\" target=\"_blank\" rel=\"noreferrer noopener\">https:\/\/dais.sanu.ac.rs\/handle\/123456789\/15103<\/a><\/li>\n\n\n\n<li>Dumni\u0107&nbsp;Vilotijevi\u0107, Marija. 2023.&nbsp;&#8220;(Attempts of) Making social benefit with applied ethnomusicology: Research of migrant&#8217;s music in Serbia&#8221;,&nbsp;<em>Angewandte Musikwissenschaft(en)\/Applied (Ethno-)Musicologies: Jahrestagung der \u00d6sterreichischen Gesellschaft f\u00fcr Musikwissenschaft<\/em>&nbsp;(book of abstracts), \u00d6sterreichischen Gesellschaft f\u00fcr Musikwissenschaft und Gustav Mahler Privatuniversit\u00e4t f\u00fcr Musik, Klagenfurt, 16\u201318 November 2023,&nbsp;10,&nbsp;<a href=\"https:\/\/dais.sanu.ac.rs\/handle\/123456789\/16215\" target=\"_blank\" rel=\"noreferrer noopener\">https:\/\/dais.sanu.ac.rs\/handle\/123456789\/16215<\/a><\/li>\n\n\n\n<li>Dumni\u0107&nbsp;Vilotijevi\u0107, Marija,&nbsp;Milo\u0161&nbsp;Bralovi\u0107&nbsp;and&nbsp;Stefan&nbsp;Savi\u0107. 2023.&nbsp;&#8220;Recordings of the Series of Lectures and Discussions \u201cConversations on Science and Art\u201d at the Institute of Musicology SASA&#8221;,&nbsp;<em>Dragutin&nbsp;Gostu\u0161ki&#8217;s&nbsp;Oblique&nbsp;Angle<\/em>&nbsp;(book&nbsp;of&nbsp;abstracts),&nbsp;Belgrade,&nbsp;Institute&nbsp;of&nbsp;Musicology&nbsp;SASA,&nbsp;23-24 November&nbsp;2023, pp. 44-48, <a href=\"https:\/\/dais.sanu.ac.rs\/handle\/123456789\/15791\" target=\"_blank\" rel=\"noreferrer noopener\">https:\/\/dais.sanu.ac.rs\/handle\/123456789\/15791<\/a>&nbsp;&nbsp;<\/li>\n\n\n\n<li>Grbovi\u0107, Vanja. 2023. &#8220;Opera criticism: Then and Now&#8221;. In Gordana Gruji\u0107 and Sa\u0161a Pavlovi\u0107 (eds.), <em>Vlado S. Milo\u0161evi\u0107: Tradition as Inspiration<\/em>. Banja Luka, Academy of Arts, 65\u201366, <a href=\"https:\/\/dais.sanu.ac.rs\/handle\/123456789\/15308\" target=\"_blank\" rel=\"noreferrer noopener\">https:\/\/dais.sanu.ac.rs\/handle\/123456789\/15308<\/a><\/li>\n\n\n\n<li>Laji\u0107 Mihajlovi\u0107, Danka, and Bojana Radovanovi\u0107. 2023. &#8220;Mijatovke collection on 78 rpm records: Early recordings as contributors in the formation of national culture&#8221;, International Symposium <em>78 rpm at home: Local perspectives on the early recording industry<\/em>, Zagreb: Institute of Ethnology and Folklore Research, 8\u201311 March 2023, 32\u201333, <a href=\"https:\/\/dais.sanu.ac.rs\/handle\/123456789\/14233\" target=\"_blank\" rel=\"noreferrer noopener\">https:\/\/dais.sanu.ac.rs\/handle\/123456789\/14233<\/a> &nbsp;<\/li>\n\n\n\n<li>Maglov, Marija. 2023.&nbsp;&#8220;Applied musicology and research on music festivals with conferences\u201c,&nbsp;<em>Angewandte Musikwissenschaft(en)\/Applied (Ethno-)Musicologies: Jahrestagung der \u00d6sterreichischen Gesellschaft f\u00fcr Musikwissenschaft<\/em>, \u00d6sterreichischen Gesellschaft f\u00fcr Musikwissenschaft und Gustav Mahler Privatuniversit\u00e4t f\u00fcr Musik, Klagenfurt, 16\u201318 November 2023,&nbsp;p. 20, <a href=\"https:\/\/dais.sanu.ac.rs\/handle\/123456789\/15631\" target=\"_blank\" rel=\"noreferrer noopener\">https:\/\/dais.sanu.ac.rs\/handle\/123456789\/15631<\/a><\/li>\n\n\n\n<li>Maglov, Marija,&nbsp;and&nbsp;Jelka&nbsp;Vukobratovi\u0107. 2023.&nbsp;&#8220;It\u2019s Sounding Light and Yugoslav: Contributions by Recording Researchers to the Understanding of Genesis of Zabavna Music\u201c, Book of Abstracts<em>&nbsp;How Does \u201cYour\u201d Music Sound? Belonging, Communities, and Identities in Popular Music across Central, Eastern and South-Eastern Europe<\/em>, Ljubljana, Faculty of Social Sciences, and the International Association for the Study of Popular Music, 9-11 November 2023, pp. 24-25, <a href=\"https:\/\/dais.sanu.ac.rs\/handle\/123456789\/15414\" target=\"_blank\" rel=\"noreferrer noopener\">https:\/\/dais.sanu.ac.rs\/handle\/123456789\/15414<\/a>&nbsp;<\/li>\n\n\n\n<li>Marinkovi\u0107, Milo\u0161. 2023.&nbsp;&#8220;Dragutin Gostu\u0161ki\u2019s ballet&nbsp;<em>Remi<\/em>&nbsp;\u2013 From the Award of the Croatian National Theater to the Premiere at the Music Biennale Zagreb&#8221;, <em>Dragutin&nbsp;Gostu\u0161ki&#8217;s&nbsp;Oblique&nbsp;Angle<\/em>&nbsp;(book&nbsp;of&nbsp;abstracts),&nbsp;Belgrade,&nbsp;Institute&nbsp;of&nbsp;Musicology&nbsp;SASA,&nbsp;23-24 November&nbsp;2023,&nbsp;pp. 62-65, <a href=\"https:\/\/dais.sanu.ac.rs\/handle\/123456789\/15789\" target=\"_blank\" rel=\"noreferrer noopener\">https:\/\/dais.sanu.ac.rs\/handle\/123456789\/15789<\/a>&nbsp;<\/li>\n\n\n\n<li>Marjanovi\u0107, Nata\u0161a. 2023. \u201cThe Contribution of Edison Bell Penkala to Presentation and Preservation of Church Music Tradition: The Conservatory of Serbian Orthodox Church Chant\u201d, International Symposium <em>78rpm at home: Local perspectives on the early recording industry<\/em>, Zagreb: Institute of Ethnology and Folklore Research, 8\u201311 March 2023, 33\u201334, <a href=\"https:\/\/dais.sanu.ac.rs\/handle\/123456789\/14322\" target=\"_blank\" rel=\"noreferrer noopener\">https:\/\/dais.sanu.ac.rs\/handle\/123456789\/14322<\/a><\/li>\n\n\n\n<li>Medi\u0107, Ivana. 2023.&nbsp;&#8220;Applied Musicology in Practice: On the Experience of Working for the Ministry of Culture and the Responsibility for Shaping the Cultural Scene in Serbia&#8221;,<em>&nbsp;Angewandte Musikwissenschaft(en)\/Applied (Ethno-)Musicologies: Jahrestagung der \u00d6sterreichischen Gesellschaft f\u00fcr Musikwissenschaft<\/em>, \u00d6sterreichischen Gesellschaft f\u00fcr Musikwissenschaft und Gustav Mahler Privatuniversit\u00e4t f\u00fcr Musik, Klagenfurt, 16\u201318 November 2023,&nbsp;p. 22, &nbsp;<a href=\"https:\/\/dais.sanu.ac.rs\/handle\/123456789\/16216\" target=\"_blank\" rel=\"noreferrer noopener\">https:\/\/dais.sanu.ac.rs\/handle\/123456789\/16216<\/a>&nbsp;<\/li>\n\n\n\n<li>Medi\u0107, Ivana. 2023. &#8220;The Fourth Dimension of Music (or: What Would Dragutin Gostu\u0161ki Think About Quantum Music)&#8221;, <em>Dragutin\u00a0Gostu\u0161ki&#8217;s\u00a0Oblique\u00a0Angle<\/em>\u00a0(book\u00a0of\u00a0abstracts),\u00a0Belgrade,\u00a0Institute\u00a0of\u00a0Musicology\u00a0SASA,\u00a023-24 November\u00a02023,\u00a0pp. 69-72, <a href=\"https:\/\/dais.sanu.ac.rs\/handle\/123456789\/15876\">https:\/\/dais.sanu.ac.rs\/handle\/123456789\/15876<\/a><\/li>\n<\/ol>\n\n\n\n<h2 class=\"wp-block-heading\">2024<\/h2>\n\n\n\n<ol class=\"wp-block-list\">\n<li>Dumni\u0107 Vilotijevi\u0107, Marija. 2024. \u201cShould I Write or Should I Act: Methodologies of Ethnomusicological Work with Asylum Seekers in Serbia\u201d. Book of Abstracts. Joint Symposium of ICTMD SG on Applied Ethnomusicology &amp; Sacred and Spiritual Sounds and Practices, 23\u201327 October 2024. Istanbul: Istanbul University and MiRAS Centre for Cultural Sustainability, 37\u201338. <a href=\"https:\/\/dais.sanu.ac.rs\/handle\/123456789\/17405\">https:\/\/dais.sanu.ac.rs\/handle\/123456789\/17405<\/a>\u00a0<\/li>\n\n\n\n<li>Dumni\u0107 Vilotijevi\u0107, Marija. 2024. \u201cMusic and Dance of Asylum Seekers in Serbia from Reception Center to Museum\u201d. Book of Abstracts. 39th European Seminar in Ethnomusicology, 19\u201324 September 2024. Zagreb: University of Zagreb, Academy of Music, 34. <a href=\"https:\/\/dais.sanu.ac.rs\/handle\/123456789\/17375\">https:\/\/dais.sanu.ac.rs\/handle\/123456789\/17375<\/a>\u00a0<\/li>\n\n\n\n<li>Grbovi\u0107, Vanja, and Milo\u0161 Marinkovi\u0107. 2024. \u201eGlas izme\u0111u kultura: Harmonija razli\u010ditosti na primeru dela kompozitorki Stanislave Gaji\u0107 i Dorotee Vejnovi\u0107\u201d [A Voice Between Cultures: The Harmony of Diversity in the Works of Female Composers Stanislava Gaji\u0107 and Dorotea Vejnovi\u0107]. <em>Knjiga apstrakata. Identitet umetnice u srpskoj modernoj umetnosti<\/em> [Book of Abstracts. The Identity of Female Artist in Serbian Modern Art], 16\u201317 November 2024. Novi Sad: Academy of Arts of the University of Novi Sad, 18\u201319. <a href=\"https:\/\/dais.sanu.ac.rs\/handle\/123456789\/17076\">https:\/\/dais.sanu.ac.rs\/handle\/123456789\/17076<\/a> <\/li>\n\n\n\n<li>Laji\u0107 Mihajlovi\u0107, Danka. 2024. &#8220;Gramofonske plo\u010de kao izvori u etnomuzikolo\u0161kim istra\u017eivanjima&#8221; [Gramophone Records as Sources in Ethnomusicological Research]. In: Aleksandra Bjeli\u0107 i Nemanja Radulovi\u0107 (eds.), International Conference\u00a0<em>Savremena srpska folkloristika 14<\/em> [Contemporary Serbian Folkloristics 14]. Beograd\u2013U\u017eice: Udru\u017eenje folklorista Srbije, Beograd; Univerzitetska biblioteka \u201eSvetozar Markovi\u0107\u201d, Beograd; Pedago\u0161ki fakultet u U\u017eicu Univerziteta u Kragujevcu, 29,<br><a href=\"https:\/\/dais.sanu.ac.rs\/handle\/123456789\/17316\" target=\"_blank\" rel=\"noreferrer noopener\">https:\/\/dais.sanu.ac.rs\/handle\/123456789\/17316<\/a><\/li>\n\n\n\n<li>Milanovi\u0107, Biljana. 2024. \u201eBalet <em>Ohridska legenda<\/em> kao reprezent jugoslovenske kulturne diplomatije\u201d [The ballet <em>The Legend of Ohrid<\/em> as a Representative of Yugoslav Cultural Diplomacy]. Vek baleta u Srbiji: istorija i nove perspektive [A Century of Ballet in Serbia: History and New Perspectives]. Book of Abstracts, 19\u201320 March 2024, 17\u201318. <a href=\"https:\/\/dais.sanu.ac.rs\/handle\/123456789\/16526\">https:\/\/dais.sanu.ac.rs\/handle\/123456789\/16526<\/a>\u00a0<\/li>\n\n\n\n<li>Radovanovi\u0107, Bojana. 2024. \u201e(Ne)vidljivi rad: uredni\u010dki, prire\u0111iva\u010dki i recenzentski poslovi u savremenoj muzikologiji\u201d [(In)visible Labour: Editorial and Reviewer Work in Contemporary Musicology]. Book of Abstracts. 14th International Symposium \u201cMusic in Society\u201d, 24\u201326 October 2024. Sarajevo: Musicological Society of the Federation of Bosnia and Herzegovina, and University of Sarajevo Academy of Music, 108\u2013109. <a href=\"https:\/\/dais.sanu.ac.rs\/handle\/123456789\/16907\">https:\/\/dais.sanu.ac.rs\/handle\/123456789\/16907<\/a><\/li>\n<\/ol>\n\n\n\n<p><\/p>\n","protected":false},"excerpt":{"rendered":"<p>2022 2023 2024<\/p>\n","protected":false},"author":1,"featured_media":0,"parent":0,"menu_order":0,"comment_status":"closed","ping_status":"closed","template":"","meta":{"ngg_post_thumbnail":0,"footnotes":""},"class_list":["post-58","page","type-page","status-publish","hentry"],"_links":{"self":[{"href":"https:\/\/appmes.rs\/index.php\/wp-json\/wp\/v2\/pages\/58","targetHints":{"allow":["GET"]}}],"collection":[{"href":"https:\/\/appmes.rs\/index.php\/wp-json\/wp\/v2\/pages"}],"about":[{"href":"https:\/\/appmes.rs\/index.php\/wp-json\/wp\/v2\/types\/page"}],"author":[{"embeddable":true,"href":"https:\/\/appmes.rs\/index.php\/wp-json\/wp\/v2\/users\/1"}],"replies":[{"embeddable":true,"href":"https:\/\/appmes.rs\/index.php\/wp-json\/wp\/v2\/comments?post=58"}],"version-history":[{"count":15,"href":"https:\/\/appmes.rs\/index.php\/wp-json\/wp\/v2\/pages\/58\/revisions"}],"predecessor-version":[{"id":5549,"href":"https:\/\/appmes.rs\/index.php\/wp-json\/wp\/v2\/pages\/58\/revisions\/5549"}],"wp:attachment":[{"href":"https:\/\/appmes.rs\/index.php\/wp-json\/wp\/v2\/media?parent=58"}],"curies":[{"name":"wp","href":"https:\/\/api.w.org\/{rel}","templated":true}]}}