{"id":5434,"date":"2025-02-15T17:48:06","date_gmt":"2025-02-15T17:48:06","guid":{"rendered":"https:\/\/appmes.rs\/?page_id=5434"},"modified":"2025-02-15T17:48:06","modified_gmt":"2025-02-15T17:48:06","slug":"north-america","status":"publish","type":"page","link":"https:\/\/appmes.rs\/index.php\/north-america\/","title":{"rendered":"North America"},"content":{"rendered":"\n<figure class=\"wp-block-table has-small-font-size\"><table><tbody><tr><td>Red.br.<br>unosa<\/td><td>Signatura<\/td><td>Naslov plo\u010de<\/td><td>Sadr\u017eaj\/Repertoar<\/td><td>Izvo\u0111a\u010d<\/td><td>Trajanje numere<\/td><td>Izdava\u010d<\/td><td>Zemlja<\/td><td>Godina<\/td><td>Katalo\u0161ki broj<\/td><td>Broj matrice<\/td><td>Mesto<br>snimanja\/studio\/lokacija\/godina<\/td><td>Tip snimka M\/S<\/td><td>Nalepnica (link)<\/td><td>Omot (link)<\/td><td>Prate\u0107i materijal<br>(programska knji\u017eica, itd)<\/td><td>Digitalna kopija<\/td><td>Fizi\u010dko stanje<br>plo\u010de<\/td><td>Ostalo (pe\u010dat, i<br>sl.)<\/td><\/tr><tr><td rowspan=\"18\">305<\/td><td rowspan=\"18\">&nbsp;<\/td><td rowspan=\"18\">From<br>The Grass Roots Of Jamaica<\/td><td>A1. You Tell A Lie<\/td><td>&nbsp;<\/td><td>&nbsp;<\/td><td rowspan=\"18\">Dynamic<br>Sounds<\/td><td rowspan=\"18\">Jamaica<\/td><td rowspan=\"18\">&nbsp;<\/td><td rowspan=\"18\">Dynamic-3305<\/td><td rowspan=\"11\">DYNA<br>3306-A<\/td><td rowspan=\"18\">&nbsp;<\/td><td rowspan=\"18\">&nbsp;<\/td><td rowspan=\"11\">Slika<br>nalepnice A (plava nalepnica)<\/td><td rowspan=\"18\">foto+tekst<\/td><td rowspan=\"18\">jedan<br>list + knji\u017eica<\/td><td rowspan=\"18\">&nbsp;<\/td><td rowspan=\"18\">neo\u0161te\u0107ena<\/td><td rowspan=\"18\">&nbsp;<\/td><\/tr><tr><td>A2. Ziambey<\/td><td>&nbsp;<\/td><td>&nbsp;<\/td><\/tr><tr><td>A3. Done Baby, Done Cry<\/td><td>&nbsp;<\/td><td>&nbsp;<\/td><\/tr><tr><td>A4. Dig Under Mine<\/td><td>&nbsp;<\/td><td>&nbsp;<\/td><\/tr><tr><td>A5. Mary Gone A Rose Hall<\/td><td>&nbsp;<\/td><td>&nbsp;<\/td><\/tr><tr><td>A6. Fife And Drum Band<\/td><td>&nbsp;<\/td><td>&nbsp;<\/td><\/tr><tr><td>A7. Cuban Lady<\/td><td>&nbsp;<\/td><td>&nbsp;<\/td><\/tr><tr><td>A8. Jubilee<\/td><td>&nbsp;<\/td><td>&nbsp;<\/td><\/tr><tr><td>A9. Jo Jo<\/td><td>&nbsp;<\/td><td>&nbsp;<\/td><\/tr><tr><td>A10. Ku Kah Yan Yah<\/td><td>&nbsp;<\/td><td>&nbsp;<\/td><\/tr><tr><td>A11. Martilda<\/td><td>&nbsp;<\/td><td>&nbsp;<\/td><\/tr><tr><td>B1. What A Wonderful Thing<\/td><td>&nbsp;<\/td><td>&nbsp;<\/td><td rowspan=\"7\">DYNA 3306-B<\/td><td rowspan=\"7\">Slika nalepnice B (plava<br>nalepnica)<\/td><\/tr><tr><td>B2. Keyman<\/td><td>&nbsp;<\/td><td>&nbsp;<\/td><\/tr><tr><td>B3. Bethlehem Schoolroom<\/td><td>&nbsp;<\/td><td>&nbsp;<\/td><\/tr><tr><td>B4. Malid A Leddi<\/td><td>&nbsp;<\/td><td>&nbsp;<\/td><\/tr><tr><td>B5. Moore Town A Fe Me<\/td><td>&nbsp;<\/td><td>&nbsp;<\/td><\/tr><tr><td>B6. Bam O Say<\/td><td>&nbsp;<\/td><td>&nbsp;<\/td><\/tr><tr><td>B7. Take Us Back To Ethiopia<\/td><td>&nbsp;<\/td><td>&nbsp;<\/td><\/tr><tr><td rowspan=\"48\">306<\/td><td rowspan=\"48\">&nbsp;<\/td><td rowspan=\"48\">Na Leo Hawai&#8217;i Kahiko<br>(Voices Of Old Hawai&#8217;i)<\/td><td>A1. Mele pule ho &#8216;O\u016blu<\/td><td>&nbsp;<\/td><td>00:43<\/td><td rowspan=\"48\">ARCS<\/td><td rowspan=\"48\">US<\/td><td rowspan=\"48\">1981<\/td><td rowspan=\"48\">ARCS-1<\/td><td rowspan=\"18\">ARCS-1-A<\/td><td rowspan=\"48\">Historilcal Recordings<br>of Chants and Songs from the Audio-Recording Collestions Department of<br>Anthropology Bernice Panahi Bishop Museum<\/td><td rowspan=\"48\">S<\/td><td rowspan=\"18\">Slika nalepnice A<br>(slika nalepnica)<\/td><td rowspan=\"48\">foto+tekst<\/td><td rowspan=\"48\">programska knji\u017eica<\/td><td rowspan=\"48\">&nbsp;<\/td><td rowspan=\"34\">neo\u0161te\u0107ena<\/td><td rowspan=\"48\">&nbsp;<\/td><\/tr><tr><td>A2. Mele<br>pule no Pele<\/td><td>&nbsp;<\/td><td>00:56<\/td><\/tr><tr><td>A3. Mele<br>pule ho&#8217;ola<\/td><td>&nbsp;<\/td><td>01:37<\/td><\/tr><tr><td>A4. Mele pule ho&#8217;ola no Hi&#8217;iaka<\/td><td>&nbsp;<\/td><td>00:33<\/td><\/tr><tr><td>A5. Mele pule kau na Hi&#8217;iaka<\/td><td>&nbsp;<\/td><td>00:48<\/td><\/tr><tr><td>A6. Mele pule k\u0101hea H\u0101nau<\/td><td>&nbsp;<\/td><td>01:09<\/td><\/tr><tr><td>A7. Mele ko&#8217;ihonua no Kamehameha &#8216;Ekahi<\/td><td>&nbsp;<\/td><td>02:43<\/td><\/tr><tr><td>A8. Mele inoa ali&#8217;i<\/td><td>&nbsp;<\/td><td>00:53<\/td><\/tr><tr><td>A9. Mele inoa no Kamehameha I<\/td><td>&nbsp;<\/td><td>00:24<\/td><\/tr><tr><td>A10. Mele inoa ali&#8217;i<\/td><td>&nbsp;<\/td><td>00:58<\/td><\/tr><tr><td>A11. Mele inoa no ke ali&#8217;i Kupake&#8217;e<\/td><td>&nbsp;<\/td><td>00:30<\/td><\/tr><tr><td>A12. Mele hei; mele pana<\/td><td>&nbsp;<\/td><td>00:59<\/td><\/tr><tr><td>A13. Mele kaukau<\/td><td>&nbsp;<\/td><td>00:20<\/td><\/tr><tr><td>A14. Mele ho&#8217;oipoipo<\/td><td>&nbsp;<\/td><td>02:33<\/td><\/tr><tr><td>A15. &#8216;Ohe hano Ihu<\/td><td>&nbsp;<\/td><td rowspan=\"2\">00:45<\/td><\/tr><tr><td>A16. &#8216;Ohe hano Ihu<\/td><td>&nbsp;<\/td><\/tr><tr><td>A17. Mele pana<\/td><td>&nbsp;<\/td><td>00:36<\/td><\/tr><tr><td>A18. Mele<br>pana<\/td><td>&nbsp;<\/td><td>00:27<\/td><\/tr><tr><td>B1. Mele pule ho&#8217;o\u016blu no Laka<\/td><td>&nbsp;<\/td><td>01:12<\/td><td rowspan=\"16\">ARCS-1-B<\/td><td rowspan=\"16\">Slika nalepnice B<br>(slika nalepnica)<\/td><\/tr><tr><td>B2. Mele inoa no Hi&#8217;iaka; hula kuahu<\/td><td>&nbsp;<\/td><td>01:56<\/td><\/tr><tr><td>B3. Mele hula pua&#8217;a<\/td><td>&nbsp;<\/td><td>01:24<\/td><\/tr><tr><td>B4. Mele hula &#8216;\u012blio<\/td><td>&nbsp;<\/td><td>00:24<\/td><\/tr><tr><td>B5. Mele inoa no Kal\u0101kaua; hula p\u0101&#8217;iumauma<\/td><td>&nbsp;<\/td><td>01:17<\/td><\/tr><tr><td>B6.<br>Kanikau; hula p\u0101&#8217;iumauma<\/td><td>&nbsp;<\/td><td>01:02<\/td><\/tr><tr><td>B7. Mele inoa no Manono<\/td><td>&nbsp;<\/td><td>00:45<\/td><\/tr><tr><td>B8. Mele pana; hula kuahu<\/td><td>&nbsp;<\/td><td>00:40<\/td><\/tr><tr><td>B9. Mele pana; hula kuahu<\/td><td>&nbsp;<\/td><td>00:32<\/td><\/tr><tr><td>B10. Mele inoa no ka mo &#8216;\u012b Kal\u0101kaua; hula kuahu<\/td><td>&nbsp;<\/td><td>01:22<\/td><\/tr><tr><td>B11. Mele inoa no Kal\u0101kaua; hula kuahu<\/td><td>&nbsp;<\/td><td>02:11<\/td><\/tr><tr><td>B12. Mele pule k\u0101hea; hula ka&#8217;i<\/td><td>&nbsp;<\/td><td>02:26<\/td><\/tr><tr><td>B13. Mele inoa no Lot Kamehameha<\/td><td>&nbsp;<\/td><td>00:59<\/td><\/tr><tr><td>B14. Mele inoa lei no Ema<\/td><td>&nbsp;<\/td><td>00:47<\/td><\/tr><tr><td>B15. Mele pana; inoa no Kapi&#8217;olani<\/td><td>&nbsp;<\/td><td>01:20<\/td><\/tr><tr><td>B16. Mele inoa no Mrs. Nawahi<\/td><td>&nbsp;<\/td><td>02:08<\/td><\/tr><tr><td>C1. &#8220;Iesu no ke Kahuhipa&#8221;<\/td><td>&nbsp;<\/td><td>03:06<\/td><td rowspan=\"7\">ARCS-2-A<\/td><td rowspan=\"7\">Slika nalepnice A (slika<br>nalepnica)<\/td><td rowspan=\"14\">neo\u0161te\u0107ena<\/td><\/tr><tr><td>C2. E k\u014d m\u0101kou Makua<\/td><td>&nbsp;<\/td><td>01:27<\/td><\/tr><tr><td>C3. N\u016b Oli<\/td><td>&nbsp;<\/td><td>02:50<\/td><\/tr><tr><td>C4. &#8220;Queen&#8217;s Prayer&#8221;<\/td><td>&nbsp;<\/td><td>01:51<\/td><\/tr><tr><td>C5. &#8220;Hole Waimea&#8221;<\/td><td>&nbsp;<\/td><td>02:55<\/td><\/tr><tr><td>C6. Mele inoa no Helen Roberts<\/td><td>&nbsp;<\/td><td>01:47<\/td><\/tr><tr><td>C7. &#8220;Aloha &#8216;Oe&#8221;<\/td><td>&nbsp;<\/td><td>03:20<\/td><\/tr><tr><td>D1. He&#8217;eia<\/td><td>&nbsp;<\/td><td>02:52<\/td><td rowspan=\"7\">ARCS-2-B<\/td><td rowspan=\"7\">Slika nalepnice B (slika<br>nalepnica)<\/td><\/tr><tr><td>D2. N\u0101 Moku &#8216;Eh\u0101<\/td><td>&nbsp;<\/td><td>02:20<\/td><\/tr><tr><td>D3. Nani<br>Kaua&#8217;i<\/td><td>&nbsp;<\/td><td>02:52<\/td><\/tr><tr><td>D4.<br>Moanalua<\/td><td>&nbsp;<\/td><td>02:57<\/td><\/tr><tr><td>D5. Honolulu Hula Hula Heigh<\/td><td>&nbsp;<\/td><td>03:50<\/td><\/tr><tr><td>D6. Hanohano Hanalei<\/td><td>&nbsp;<\/td><td>03:15<\/td><\/tr><tr><td>D7. Mele inoa no Bernice Pauahi Bishop<\/td><td>&nbsp;<\/td><td>01:01<\/td><\/tr><tr><td rowspan=\"23\">307<\/td><td rowspan=\"23\">&nbsp;<\/td><td rowspan=\"23\">Green Fields Of<br>Illinois<\/td><td>A1. Green Fields Of America<\/td><td>Fiddle solo Stelle Elam<\/td><td>01:30<\/td><td rowspan=\"23\">Campus Folksong Club<br>Records<\/td><td rowspan=\"23\">US<\/td><td rowspan=\"23\">b.g.<\/td><td rowspan=\"23\">CFC-201<\/td><td rowspan=\"11\">CFC 201-A(2) 42463<\/td><td rowspan=\"23\">&nbsp;<\/td><td rowspan=\"23\">S<\/td><td rowspan=\"11\">Slika nalepnice A (bela<br>nalepnica)<\/td><td rowspan=\"23\">foto<\/td><td rowspan=\"23\">Knji\u017eica<\/td><td rowspan=\"23\">&nbsp;<\/td><td rowspan=\"23\">neo\u0161te\u0107ena<\/td><td rowspan=\"23\">&nbsp;<\/td><\/tr><tr><td>A2. Stoney Point<\/td><td>Fiddle solo Stelle Elam<\/td><td>00:56<\/td><\/tr><tr><td>A3. Fair Fanny Moore<\/td><td>Guitar and Vocals Cecil Goodwin<\/td><td>03:53<\/td><\/tr><tr><td>A4. Old Age Pension<\/td><td>Guitar and Vocals Cecil Goodwin<\/td><td>01:24<\/td><\/tr><tr><td>A5. Crow Creek &#8211; Jay Bird &#8211; Tennessee Waggoner<\/td><td>Fiddle Stelle Elam; Guitar Lyle Mayfield<\/td><td>02:56<\/td><\/tr><tr><td>A6. The Black Sheep<\/td><td>Guitar and Vocals Lyle Mayfield<\/td><td>03:33<\/td><\/tr><tr><td>A7. The Letter Edged In Black<\/td><td>Guitar and Vocals Doris Mayfield; Mandolin Lyle Mayfield<\/td><td>03:45<\/td><\/tr><tr><td>A8. Drink &#8216;Er Down<\/td><td>Guitar and Vocals Lyle Mayfield<\/td><td>03:02<\/td><\/tr><tr><td>A9. Green Corn<\/td><td>Banjo Jim Goodwin<\/td><td>00:42<\/td><\/tr><tr><td>A10. Haste To The Wedding<\/td><td>Fiddle Jim Goodwin; Guitar Cecil Goodwin<\/td><td>00:52<\/td><\/tr><tr><td>A11. Sally Goodin<\/td><td>Guitar and Vocals Doris Mayfield; Mandolin Lyle Mayfield<\/td><td>00:55<\/td><\/tr><tr><td>B1. Billy In The Low Ground<\/td><td>Fiddle solo Stelle Elam<\/td><td>01:32<\/td><td rowspan=\"12\">CFC 201-B(2) 42463<\/td><td rowspan=\"12\">Slika nalepnice B (bela<br>nalepnica)<\/td><\/tr><tr><td>B2. Buffalo Nickel<\/td><td>Fiddle solo Stelle Elam<\/td><td>01:28<\/td><\/tr><tr><td>B3. My Little Girl<\/td><td>Guitar and Vocals Cecil Goodwin<\/td><td>00:38<\/td><\/tr><tr><td>B4. Billy Richardson&#8217;s Last Ride<\/td><td>Guitar and Vocals Cecil Goodwin<\/td><td>02:20<\/td><\/tr><tr><td>B5. Apples In The Summertime<\/td><td>GuitarJim Goodwin<\/td><td>01:02<\/td><\/tr><tr><td>B6. Old Coon Dog &#8211; Mississippi Sawyer<\/td><td>Fiddle Jim Goodwin; Guitar Cecil Goodwin<\/td><td>01:40<\/td><\/tr><tr><td>B7. Put My Little Shoes Away<\/td><td>Guitar and Vocals Lyle Mayfield ;<br>Guitar Doris Mayfield<\/td><td>02:10<\/td><\/tr><tr><td>B8. Mississippi Flood<\/td><td>Guitar and Vocals Cecil Goodwin<\/td><td>01:50<\/td><\/tr><tr><td>B9. Tramp On The Street<\/td><td>Guitar Lloyd Reynolds; Vocals Cathy Reynolds<\/td><td>02:36<\/td><\/tr><tr><td>B10. Farther Along<\/td><td>Guitar and Vocals Lloyd Reynolds; Vocals Cathy Reynolds<\/td><td>03:00<\/td><\/tr><tr><td>B11. Lord, Build Me A Cabin In Glory Land<\/td><td>Guitar and Vocals Lloyd Reynolds; Vocals Cathy Reynolds<\/td><td>01:40<\/td><\/tr><tr><td>B12. Life&#8217;s Railway To Heaven<\/td><td>Guitar Lloyd Reynolds;<br>Mandolin Lyle Mayfield; Vocals Cathy Reynolds<\/td><td>03:24<\/td><\/tr><tr><td rowspan=\"22\">308<\/td><td rowspan=\"22\">&nbsp;<\/td><td rowspan=\"22\">Anglo-American<br>Shanties, Lyric Songs, Dance Tunes And Spirituals edited by Alan Lomax<\/td><td>A1. Sally Brown<\/td><td>sung by J. M. (Sailor Dad)<\/td><td>&nbsp;<\/td><td rowspan=\"22\">The Library Of Congress \u2013 AAFS L2<\/td><td rowspan=\"22\">US<\/td><td rowspan=\"22\">b.g.<\/td><td rowspan=\"22\">AAFS L2<\/td><td rowspan=\"9\">LCM1941-2-69-RBC<\/td><td rowspan=\"2\">record. in Washington,<br>D.C. 1941<\/td><td rowspan=\"22\">S<\/td><td rowspan=\"9\">Slika nalepnice A (plava<br>nalepnica)<\/td><td rowspan=\"22\">foto<\/td><td rowspan=\"22\">programska knji\u017eica<\/td><td rowspan=\"22\">&nbsp;<\/td><td rowspan=\"22\">neo\u0161te\u0107ena<\/td><td rowspan=\"22\">&nbsp;<\/td><\/tr><tr><td>A2. Haul Away My Rosy<\/td><td>sung by J. M. (Sailor Dad)<\/td><td>&nbsp;<\/td><\/tr><tr><td>A3. Pay<br>Day At Coal Creek<\/td><td>sung with 5-string banjo by Pete<br>Steele<\/td><td>&nbsp;<\/td><td>record. by Alan and Elizabeth<br>Lomax<\/td><\/tr><tr><td>A4. The Little Dove<\/td><td>sung by Aunt Molly Jackson<\/td><td>&nbsp;<\/td><td rowspan=\"2\">record. In New York,<br>1939, by Alan Lamax<\/td><\/tr><tr><td>A5. Ten Thousand Miles<\/td><td>sung by Aunt Molly Jackson<\/td><td>&nbsp;<\/td><\/tr><tr><td>A6. Soldier, Won&#8217;t You Marry Me?<\/td><td>sung with gitar by Russ Pike<\/td><td>&nbsp;<\/td><td>record. by Charles Todd and Robert<br>Sonkin<\/td><\/tr><tr><td>A7.<br>Jennie Jenkins<\/td><td>sung with guitar and mandolin by<br>Mr. And Mrs. E. C. Ball<\/td><td>&nbsp;<\/td><td>record. by Alan and Elizabeth<br>Lomax<\/td><\/tr><tr><td>A8. Fod<\/td><td>sung with guitar and mandolin by<br>Henry King And Family<\/td><td>&nbsp;<\/td><td>record. by Charles Todd and Robert<br>Sonkin<\/td><\/tr><tr><td>A9 Roll On The Ground<\/td><td>sung with 5-string banjo by<br>Thaddeus C. Willingham<\/td><td>&nbsp;<\/td><td>recorded by Herbert Halpert<\/td><\/tr><tr><td>B1. The Last Of Callahan<\/td><td>played on the fiddle by Luther Strong<\/td><td>&nbsp;<\/td><td rowspan=\"13\">LCM1942-2-69-RBC<\/td><td rowspan=\"3\">record. by Alan and<br>Elizabeth Lamax<\/td><td rowspan=\"13\">Slika nalepnice B<br>(plava nalepnica)<\/td><\/tr><tr><td>B2. The Ways Of The World<\/td><td>played on the fiddle by Luther Strong<\/td><td>&nbsp;<\/td><\/tr><tr><td>B3. Glory In The Meeting House<\/td><td>played on the fiddle by Luther Strong<\/td><td>&nbsp;<\/td><\/tr><tr><td>B4. Grub Springs<\/td><td>played on the fiddle by W.E. Claunch<\/td><td>&nbsp;<\/td><td rowspan=\"4\">recorded by Herbert<br>Halpert<\/td><\/tr><tr><td>B5.The Eighth Of January<\/td><td>played on the fiddle by W.E. Claunch<\/td><td>&nbsp;<\/td><\/tr><tr><td>B6. Sally<br>Goodin<\/td><td>played on the fiddle by W.E. Claunch<\/td><td>&nbsp;<\/td><\/tr><tr><td>B7. Cindy<\/td><td>played on the fiddle and sung by<br>W.E. Claunch<\/td><td>&nbsp;<\/td><\/tr><tr><td>B8. Old Joe Clark<\/td><td>played by Wade Ward on 5-string<br>banjo<\/td><td>&nbsp;<\/td><td rowspan=\"2\">Record. By Pete Seeger<br>and Alan Lomax<\/td><\/tr><tr><td>B9. Chilly Winds<\/td><td>played by Wade Ward on 5-string<br>banjo<\/td><td>&nbsp;<\/td><\/tr><tr><td>B10. Cripple Creek<\/td><td>played by Herbert Smoke on<br>5-string banjo<\/td><td>&nbsp;<\/td><td>record. by Alan Lamax<\/td><\/tr><tr><td>B11. Coal Creek March<\/td><td>played by Pete Steele on 5-string<br>banjo<\/td><td>&nbsp;<\/td><td>record. by Alan and Elizabeth<br>Lomax<\/td><\/tr><tr><td>B12. John Henry<\/td><td>played by Wallace Swann &amp; His<br>Cherokee String Band with square dancing<\/td><td>&nbsp;<\/td><td rowspan=\"2\">record. by Alan Lomax<\/td><\/tr><tr><td>B13. The Train<\/td><td>played on the harmonica by Chub Parham<\/td><td>&nbsp;<\/td><\/tr><tr><td rowspan=\"13\">309<\/td><td rowspan=\"13\">&nbsp;<\/td><td rowspan=\"13\">Anglo-American Ballads<br>From the Archive of American Folk Song edited by Alan Lomax<\/td><td>A1. The House Carpenter<\/td><td>sung by Texas Gladden<\/td><td>&nbsp;<\/td><td rowspan=\"13\">The Library Of Congress \u2013 AAFS L1<\/td><td rowspan=\"13\">US<\/td><td rowspan=\"13\">b.g.<\/td><td rowspan=\"13\">AAFS L1<\/td><td rowspan=\"7\">LCM 1940-65-RBC<\/td><td>record. by Alan and Elizabeth<br>Lomax<\/td><td rowspan=\"13\">S<\/td><td rowspan=\"7\">Slika nalepnice A (plava<br>nalepnica)<\/td><td rowspan=\"13\">foto<\/td><td rowspan=\"13\">knji\u017eica<\/td><td rowspan=\"13\">&nbsp;<\/td><td rowspan=\"13\">neo\u0161te\u0107ena<\/td><td rowspan=\"13\">plo\u010da je crvene boje<\/td><\/tr><tr><td>A2. The<br>Farmer&#8217;s Curst Wife<\/td><td>sung by Horton Barker<\/td><td>&nbsp;<\/td><td>recorded by Herbert Halpert<\/td><\/tr><tr><td>A3. The<br>Gypsy Davy<\/td><td>sung with guitar by Woody Guthrie<\/td><td>&nbsp;<\/td><td>record. in Washington, D.C. 1940<br>by Alan Lomax<\/td><\/tr><tr><td>A4.<br>Barbara Allen<\/td><td>sung by Rebecca Tarwater<\/td><td>&nbsp;<\/td><td>record. in Washington, D.C. 1936<br>by Charles Seeger<\/td><\/tr><tr><td>A5. Pretty<br>Polly<\/td><td>sung with guitar by E. C. Ball<\/td><td>&nbsp;<\/td><td>record. by Alan and Elizabeth<br>Lomax<\/td><\/tr><tr><td>A6. The<br>Rich Old Farmer<\/td><td>sung by Pearl Jacobs Borusky<\/td><td>&nbsp;<\/td><td>record. by Charles Draves<\/td><\/tr><tr><td>A7. The<br>Devil&#8217;s Nine Questions<\/td><td>sung by Texas Gladden<\/td><td>&nbsp;<\/td><td>record. by Alan and Elizabeth<br>Lomax<\/td><\/tr><tr><td>B1. The<br>Little Brown Bulls<\/td><td>sung by Emery DeNoyer<\/td><td>&nbsp;<\/td><td rowspan=\"6\">LCM 1940-65-RBC<\/td><td>record. by Charles Draves<\/td><td rowspan=\"6\">Slika nalepnice B (plava<br>nalepnica)<\/td><\/tr><tr><td>B2. The<br>Sioux Indians<\/td><td>sung by Alex Moore<\/td><td>&nbsp;<\/td><td>record. by John A. And Bess Lomax<\/td><\/tr><tr><td>B3. The<br>Lady Of Carlisle<\/td><td>sung with guitar by Basil May<\/td><td>&nbsp;<\/td><td rowspan=\"2\">record. by Alan and<br>Elizabeth Lomax<\/td><\/tr><tr><td>B4. Pretty<br>Polly (Ballad)<\/td><td>sung with 5-string banjo by Pete Steele<\/td><td>&nbsp;<\/td><\/tr><tr><td>B5. It<br>Makes A Long Time Man Feel Bad<\/td><td>sung by group At Cumins State Farm<\/td><td>&nbsp;<\/td><td rowspan=\"2\">record. by John A. Lomax<\/td><\/tr><tr><td>B6. Lord<br>Don&#8217;t &#8216;Low Me To Beat &#8216;Em<\/td><td>sung by Willie Williams<\/td><td>&nbsp;<\/td><\/tr><tr><td rowspan=\"13\">310<\/td><td rowspan=\"13\">&nbsp;<\/td><td rowspan=\"13\">Clermont P\u00e9pin \u2013<br>Anthologie De La Musique Canadienne \/ Anthology Of Canadian Music<\/td><td>A. Interview With Clermont Pepin In French<br>by Gilles Potvin<\/td><td>&nbsp;<\/td><td>21:35<\/td><td rowspan=\"13\">Radio Canada International<\/td><td rowspan=\"13\">Canada<\/td><td rowspan=\"13\">1980<\/td><td rowspan=\"13\">ACM-5<\/td><td>3582 1A R<\/td><td>&nbsp;<\/td><td rowspan=\"13\">S<\/td><td>Slika nalepnice A (plava<br>nalepnica)<\/td><td rowspan=\"13\">foto<\/td><td rowspan=\"13\">programska knji\u017eica<\/td><td rowspan=\"13\">&nbsp;<\/td><td rowspan=\"13\">neo\u0161te\u0107ena<\/td><td rowspan=\"13\">&nbsp;<\/td><\/tr><tr><td>B.Interview<br>With Clermont Pepin by Gilles Potvin (verbatim English translation)<\/td><td>&nbsp;<\/td><td>20:40<\/td><td>3583 1B R<\/td><td>&nbsp;<\/td><td>Slika nalepnice B (plava<br>nalepnica)<\/td><\/tr><tr><td>C1. Trois<br>Petites Etudes (1940-46-47)<\/td><td>piano Ross Pratt<\/td><td>05:05<\/td><td rowspan=\"2\">3582 2A R<\/td><td>&nbsp;<\/td><td rowspan=\"2\">Slika nalepnice A (plava<br>nalepnica)<\/td><\/tr><tr><td>C2. Quatuor No. 1 (1948)<\/td><td>Parlow String Quartet<\/td><td>17:40<\/td><td>&nbsp;<\/td><\/tr><tr><td>D1. Cycle-Eluard (1949)<\/td><td>Piano John Newmark, soprano<br>Pierrette Alarie<\/td><td>09:25<\/td><td rowspan=\"2\">3582 2B R<\/td><td>&nbsp;<\/td><td rowspan=\"2\">Slika nalepnice B (plava<br>nalepnica)<\/td><\/tr><tr><td>D2. Suite pour piano (1951-55)<\/td><td>pianos Josephte Dufresne, Malcolm<br>Troup<\/td><td>09:50<\/td><td>&nbsp;<\/td><\/tr><tr><td>E1. Quatre Monodies Pour Flute Seule (1955)<\/td><td>flute Douglas Stewart<\/td><td>06:30<\/td><td rowspan=\"3\">3582 3A R<\/td><td>&nbsp;<\/td><td rowspan=\"3\">Slika nalepnice A (plava<br>nalepnica)<\/td><\/tr><tr><td>E2. Quatuor no 2, &lt;&lt;Variations&gt;&gt;<br>(1955-56)<\/td><td>Quatuor Orford<\/td><td>07:55<\/td><td>&nbsp;<\/td><\/tr><tr><td>E3. Le<br>rite du soleil noir (1955)<\/td><td>Orchestre de Radio-Canada a<br>Montareal cond. Jean-Marie Beaudet<\/td><td>09:30<\/td><td>&nbsp;<\/td><\/tr><tr><td>F1.<br>Guernica (1952)<\/td><td>Toronto Symphony Orchestra cond.<br>Jean Deslauriers<\/td><td>16:50<\/td><td rowspan=\"2\">3582 3B R<\/td><td>&nbsp;<\/td><td rowspan=\"2\">Slika nalepnice B (plava<br>nalepnica)<\/td><\/tr><tr><td>F2. Ronde Vilageoise de &lt;&lt;L&#8217;<br>Oiseau-phenix&gt;&gt; (1956-61)<\/td><td>Pianos, Ren\u00e9e Morisset, Victor<br>Bouchard<\/td><td>03:50<\/td><td>&nbsp;<\/td><\/tr><tr><td>G. Symphonie No. 2 (1957)<\/td><td>Orchestre &#8220;Les Petites<br>Symphonies&#8221; De Radio-Canada cond. Roland Leduc<\/td><td>20:25<\/td><td>3582 4A R<\/td><td>&nbsp;<\/td><td>Slika nalepnice A (plava<br>nalepnica)<\/td><\/tr><tr><td>H. &lt;&lt;Quasars&gt;&gt;, Symphonie No. 3<\/td><td>L&#8217;Orchestre Symphonique De Montreal cond.<br>Franz-Paul Decker<\/td><td>25.00<\/td><td>3582 4B R<\/td><td>&nbsp;<\/td><td>Slika nalepnice B (plava<br>nalepnica)<\/td><\/tr><tr><td>&nbsp;<\/td><td>&nbsp;<\/td><td>&nbsp;<\/td><td>&nbsp;<\/td><td>&nbsp;<\/td><td>&nbsp;<\/td><td>&nbsp;<\/td><td>&nbsp;<\/td><td>&nbsp;<\/td><td>&nbsp;<\/td><td>&nbsp;<\/td><td>&nbsp;<\/td><td>&nbsp;<\/td><td>&nbsp;<\/td><td>&nbsp;<\/td><td>&nbsp;<\/td><td>&nbsp;<\/td><td>&nbsp;<\/td><td>&nbsp;<\/td><\/tr><\/tbody><\/table><\/figure>\n","protected":false},"excerpt":{"rendered":"<p>Red.br.unosa Signatura Naslov plo\u010de Sadr\u017eaj\/Repertoar Izvo\u0111a\u010d Trajanje numere Izdava\u010d Zemlja Godina Katalo\u0161ki broj Broj matrice Mestosnimanja\/studio\/lokacija\/godina Tip snimka M\/S Nalepnica (link) Omot (link) Prate\u0107i materijal(programska knji\u017eica, itd) Digitalna kopija Fizi\u010dko stanjeplo\u010de Ostalo (pe\u010dat, isl.) 305 &nbsp; FromThe Grass Roots Of Jamaica A1. You Tell A Lie &nbsp; &nbsp; DynamicSounds Jamaica &nbsp; Dynamic-3305 DYNA3306-A &nbsp; &nbsp; [&hellip;]<\/p>\n","protected":false},"author":5,"featured_media":0,"parent":0,"menu_order":0,"comment_status":"closed","ping_status":"closed","template":"","meta":{"ngg_post_thumbnail":0,"footnotes":""},"class_list":["post-5434","page","type-page","status-publish","hentry"],"_links":{"self":[{"href":"https:\/\/appmes.rs\/index.php\/wp-json\/wp\/v2\/pages\/5434","targetHints":{"allow":["GET"]}}],"collection":[{"href":"https:\/\/appmes.rs\/index.php\/wp-json\/wp\/v2\/pages"}],"about":[{"href":"https:\/\/appmes.rs\/index.php\/wp-json\/wp\/v2\/types\/page"}],"author":[{"embeddable":true,"href":"https:\/\/appmes.rs\/index.php\/wp-json\/wp\/v2\/users\/5"}],"replies":[{"embeddable":true,"href":"https:\/\/appmes.rs\/index.php\/wp-json\/wp\/v2\/comments?post=5434"}],"version-history":[{"count":1,"href":"https:\/\/appmes.rs\/index.php\/wp-json\/wp\/v2\/pages\/5434\/revisions"}],"predecessor-version":[{"id":5436,"href":"https:\/\/appmes.rs\/index.php\/wp-json\/wp\/v2\/pages\/5434\/revisions\/5436"}],"wp:attachment":[{"href":"https:\/\/appmes.rs\/index.php\/wp-json\/wp\/v2\/media?parent=5434"}],"curies":[{"name":"wp","href":"https:\/\/api.w.org\/{rel}","templated":true}]}}