{"id":5104,"date":"2025-02-13T15:40:53","date_gmt":"2025-02-13T15:40:53","guid":{"rendered":"https:\/\/appmes.rs\/?page_id=5104"},"modified":"2025-02-15T16:59:57","modified_gmt":"2025-02-15T16:59:57","slug":"germany","status":"publish","type":"page","link":"https:\/\/appmes.rs\/index.php\/germany\/","title":{"rendered":"Germany"},"content":{"rendered":"\n<figure class=\"wp-block-table has-small-font-size\"><table><tbody><tr><td>Red.br.<br>unosa<\/td><td>Signatura<\/td><td>Naslov plo\u010de<\/td><td>Sadr\u017eaj\/Repertoar<\/td><td>Izvo\u0111a\u010d<\/td><td>Trajanje numere<\/td><td>Izdava\u010d<\/td><td>Zemlja<\/td><td>Godina<\/td><td>Katalo\u0161ki broj<\/td><td>Broj matrice<\/td><td>Mesto<br>snimanja\/studio\/lokacija\/godina<\/td><td>Tip snimka M\/S<\/td><td>Nalepnica (lin<span style=\"display: none;\">k)<\/span><\/td><td>Omot (link)<\/td><td>Prate\u0107i materijal<br>(programska knji\u017eica, itd)<\/td><td>Digitalna kopija<\/td><td>Fizi\u010dko stanje<br>plo\u010de<\/td><td>Ostalo (pe\u010dat i<br>sl.)<\/td><\/tr><tr><td rowspan=\"24\">83<\/td><td rowspan=\"24\">&nbsp;<\/td><td rowspan=\"24\">Das Staatliche<br>Volkskunst-Ensemble der DDR musiziert. <span class=\"font5\">Lieder der V\u00f6lker<br>11<\/span><\/td><td>A1. Ich ging zu einem Fr\u00fchmorgen<\/td><td>Leitung: Heinrich Moser, Das<br>Staatliche Volkskunst-Ensemble der DDR<\/td><td>&nbsp;<\/td><td rowspan=\"24\">Eterna<\/td><td rowspan=\"24\">DDR<\/td><td rowspan=\"24\">b.g.<\/td><td rowspan=\"24\">8 30 018<\/td><td rowspan=\"12\">830018 A 0303075 <span class=\"font5\">3-<\/span><span class=\"font0\"> F5 W &#8211;<\/span><\/td><td rowspan=\"24\">&nbsp;<\/td><td rowspan=\"24\">M<\/td><td rowspan=\"12\">Slika nalepnice A<br>(zeleno-bela nalepnica)<\/td><td rowspan=\"24\">foto + tekst<\/td><td>&nbsp;<\/td><td rowspan=\"24\">&nbsp;<\/td><td rowspan=\"24\">Neo\u0161te\u0107ena<\/td><td rowspan=\"24\">Posveta na pole\u0111ini<br>hemijskom olovkom (razmazano): &#8220;Gospo\u0111i Radmili od ??? Ne\u010ditko. 12\/I<br>1973&#8243;. Plo\u010da iz serije Lieder der V\u00f6lker, br. 11. Tekst na pole\u0111ini<br>omota na nema\u010dkom jeziku. Autor: J<span class=\"font6\">\u00fcrgen Elsner. <\/span><\/td><\/tr><tr><td>A2. Mein<br>M\u00e4del hat einen Rosenmund nach dem Klaviersatz von Johannes Brahms<\/td><td>Heinrich Moser, Tenor; Leitung:<br>Gerhard Bielig, Das Staatliche Volkskunst-Ensemble der DDR<\/td><td>&nbsp;<\/td><td>&nbsp;<\/td><\/tr><tr><td>A3.<br>Lauf, M\u00fcller, lauf<\/td><td>Leitung: Eugen Schneider, Das<br>Staatliche Volkskunst-Ensemble der DDR<\/td><td>&nbsp;<\/td><td>&nbsp;<\/td><\/tr><tr><td>A4. Nun<br>kommt die Zeit<\/td><td>Karin von Tryller, Sopran;<br>Heinrich Moser, Tenor; Leitung: Gerhard Bielig, Das Staatliche<br>Volkskunst-Ensemble der DDR<\/td><td>&nbsp;<\/td><td>&nbsp;<\/td><\/tr><tr><td>A5. Der<br>Eckenfeger (mit Stemmtanz)<\/td><td>Leitung: Gerhard Bielig, Das<br>Staatliche Volkskunst-Ensemble der DDR<\/td><td>&nbsp;<\/td><td>&nbsp;<\/td><\/tr><tr><td>A6. Ging<br>auf den Jahrmarkt (Tschechisches Volkslied)<\/td><td>Leitung: Heinrich Moser, Das<br>Staatliche Volkskunst-Ensemble der DDR<\/td><td>&nbsp;<\/td><td>&nbsp;<\/td><\/tr><tr><td>A7. Der<br>Eschenhain (Oxenford)<\/td><td>Kurt Rothkamm, Tenor; Leitung:<br>Heinrich Moser, Das Staatliche Volkskunst-Ensemble der DDR<\/td><td>&nbsp;<\/td><td>&nbsp;<\/td><\/tr><tr><td>A8.<br>Schw\u00e4lmer<\/td><td>Leitung: Gerhard Bielig, Das<br>Staatliche Volkskunst-Ensemble der DDR<\/td><td>&nbsp;<\/td><td>&nbsp;<\/td><\/tr><tr><td>A9. Es<br>tanzt ein Bi-Ba-Butzemann<\/td><td rowspan=\"2\">Leitung: Heinrich<br>Moser, Das Staatliche Volkskunst-Ensemble der DDR<\/td><td>&nbsp;<\/td><td>&nbsp;<\/td><\/tr><tr><td>A10. Ich<br>ging amol spazieren<\/td><td>&nbsp;<\/td><td>&nbsp;<\/td><\/tr><tr><td>A11. Ich<br>ging durch einen grasgr\u00fcnen Wald<\/td><td>Leitung: G\u00fcnther<br>Schmidt-Bohl\u00e4nder, Das Staatliche Volkskunst-Ensemble der DDR<\/td><td>&nbsp;<\/td><td>&nbsp;<\/td><\/tr><tr><td>A12. Es<br>steht ein Baum im Odenwald<\/td><td>Leitung: Heinrich Moser, Das<br>Staatliche Volkskunst-Ensemble der DDR<\/td><td>&nbsp;<\/td><td>&nbsp;<\/td><\/tr><tr><td>B1.<br>Odenw\u00e4lder Dreher<\/td><td>Leitung: Gerhard Bielig, Das<br>Staatliche Volkskunst-Ensemble der DDR<\/td><td>&nbsp;<\/td><td rowspan=\"12\">830018 B 0303076 <span class=\"font5\">4-<\/span><span class=\"font0\">F5 W &#8211;<\/span><\/td><td rowspan=\"12\">Slika nalepnice B<br>(zeleno-bela nalepnica)<\/td><td>&nbsp;<\/td><\/tr><tr><td>B2. Old<br>Black Joe (Amerikanisches Negervolkslied)<\/td><td>Karl-Heinz Schmieder, Ba\u00df;<br>Leitung: Heinrich Moser, Das Staatliche Volkskunst-Ensemble der DDR<\/td><td>&nbsp;<\/td><td>&nbsp;<\/td><\/tr><tr><td>B3. \u00dcber<br>den Berg ist mein Liebster gezogen (Finnisches Volkslied)<\/td><td rowspan=\"2\">Leitung: Heinrich<br>Moser, Das Staatliche Volkskunst-Ensemble der DDR<\/td><td>&nbsp;<\/td><td>&nbsp;<\/td><\/tr><tr><td>B4. Kein<br>sch\u00f6ner Land<\/td><td>&nbsp;<\/td><td>&nbsp;<\/td><\/tr><tr><td>B5. Im<br>sch\u00f6nsten Wiesengrunde<\/td><td>Leitung: Manfred Gr\u00fcttner, Das<br>Staatliche Volkskunst-Ensemble der DDR<\/td><td>&nbsp;<\/td><td>&nbsp;<\/td><\/tr><tr><td>B6. Es<br>flog ein klein&#8217;s Waldv\u00f6gelein<\/td><td>Leitung: Eugen Schneider, Das<br>Staatliche Volkskunst-Ensemble der DDR<\/td><td>&nbsp;<\/td><td>&nbsp;<\/td><\/tr><tr><td>B7. Der<br>Laudenbacher<\/td><td>Leitung: Gerhard Bielig, Das<br>Staatliche Volkskunst-Ensemble der DDR<\/td><td>&nbsp;<\/td><td>&nbsp;<\/td><\/tr><tr><td>B8.<br>Absage<\/td><td>Heinrich Moser, Tenor; Leitung:<br>Gerhard Bielig, Das Staatliche Volkskunst-Ensemble der DDR<\/td><td>&nbsp;<\/td><td>&nbsp;<\/td><\/tr><tr><td>B9.<br>Wald-Amorbacher G\u00e4nsemarsch<\/td><td>Leitung: Gerhard Bielig, Das<br>Staatliche Volkskunst-Ensemble der DDR<\/td><td>&nbsp;<\/td><td>&nbsp;<\/td><\/tr><tr><td>B10. Des<br>Abends, wenn ich schlafen geh<\/td><td>Vokalquartett, Das Staatliche<br>Volkskunst-Ensemble der DDR<\/td><td>&nbsp;<\/td><td>&nbsp;<\/td><\/tr><tr><td>B11. Der<br>Mond ist aufgegangen (Joh. A. P. Schulz \/ M. Claudius) Satz nach dem Original<br>von Karl Schleifer<\/td><td>Leitung: Heinrich Moser, Das<br>Staatliche Volkskunst-Ensemble der DDR<\/td><td>&nbsp;<\/td><td>&nbsp;<\/td><\/tr><tr><td>B12.<br>Sorbisches St\u00e4ndchen (Sorbische Volksweise)<\/td><td>Karin von Tryller, Sopran;<br>Leitung: Heinrich Moser, Das Staatliche Volkskunst-Ensemble der DDR<\/td><td>&nbsp;<\/td><td>&nbsp;<\/td><\/tr><tr><td rowspan=\"37\">130<\/td><td rowspan=\"37\">&nbsp;<\/td><td rowspan=\"37\">S\u00fcdindische<br>Tempelinstrumente. Aufgenommen von Josef Kuckertz in Madras 1968.<br>Klangdokumente zur Musikwissenschaft. Herausgegeben von der<br>Musikethnologischen Abteilung des Museums f\u00fcr V\u00f6lker kunde Berlin. Staatliche<br>Museen Preussischer Kulturbesitz.<\/td><td>A1. Becken na\u1e6d\u1e6duva-t\u0101lam<\/td><td rowspan=\"2\">Spieler: Mr. Vedagiri vom<br>Cennak\u0113\u015bava-perum\u0101\u1e37-Tempel, Madras<\/td><td>00:42<\/td><td rowspan=\"37\">Herausgegeben von der<br>Musikethnologischen Abteilung des Museums f\u00fcr V\u00f6lker kunde Berlin. Staatliche<br>Museen Preussischer Kulturbesitz.<\/td><td rowspan=\"37\">Nema\u010dka<\/td><td rowspan=\"37\">1969.<\/td><td rowspan=\"37\">KM 0001<\/td><td rowspan=\"13\">M-076479-A<br>Manufactured in Germany<\/td><td rowspan=\"37\">&nbsp;<\/td><td rowspan=\"37\">M<\/td><td rowspan=\"13\">Slika nalepnice A<br>(narand\u017easta nalepnica)<\/td><td rowspan=\"37\">foto + tekst<\/td><td>&nbsp;<\/td><td rowspan=\"37\">&nbsp;<\/td><td rowspan=\"37\">Neo\u0161te\u0107ena<\/td><td rowspan=\"37\">Snimljeno 1968.<br>godine. Ima programsku knji\u017eicu na nema\u010dkom jeziku. Rezime na engleskom.<br>Autor tekstova: Josef Kuckertz. U omotu se nalazi posetnica upu\u0107ena Radmili<br>Petrovi\u0107: &#8220;best regards yours sincerely Jkuckertz&#8221;<\/td><\/tr><tr><td>A2.<br>Becken pa\u1e47\u1e0dalpuram-t\u0101\u1e37am<\/td><td>00:51<\/td><td>&nbsp;<\/td><\/tr><tr><td>A3.<br>Becken brahmat\u0101la<\/td><td>Spieler: Mr. Pa\u1e3bani<\/td><td>0:45<\/td><td>&nbsp;<\/td><\/tr><tr><td>A4.<br>Rahmentrommel d\u0101sari-tappa\u1e6d\u1e6dai und Aufschlagplatte c\u0113makkalam<\/td><td>Spieler: Mr. Maruge\u015ban<\/td><td>00:50<\/td><td>&nbsp;<\/td><\/tr><tr><td>A5.<br>Gesang mit Rahmentrommel d\u0101sari-tappa\u1e6d\u1e6dai und Aufschlagplatte c\u0113makkalam<\/td><td>S\u00e4nger und Spieler: Mr. Maruge\u015ban<\/td><td>01:26<\/td><td>&nbsp;<\/td><\/tr><tr><td>A6.<br>Sanduhrtrommel tava\u1e47\u1e6dai<\/td><td>Spieler: Mr. Maruge\u015ban<\/td><td>0:57<\/td><td>&nbsp;<\/td><\/tr><tr><td>A7.<br>Sanduhrtrommel tava\u1e47\u1e6dai und Aufschlagplatte c\u0113makkalam<\/td><td>Spieler: Mr. N\u0101kappan und Mr. \u0100ramukam<\/td><td>00:56<\/td><td>&nbsp;<\/td><\/tr><tr><td>A8.<br>Gesang mit Sanduhrtrommel tava\u1e47\u1e6dai und Aufschlagplatte c\u0113makkalam<\/td><td>Spieler des tava\u1e47\u1e6dai und 1.<br>S\u00e4nger: Mr. N\u0101kappan; Spieler des c\u0113makkalam und 2. S\u00e4nger: Mr. \u0100ramukam<\/td><td>02:58<\/td><td>&nbsp;<\/td><\/tr><tr><td>A9.<br>Sanduhrtrommel tava\u1e47\u1e6dai, Aufschlagplatte c\u0113makkalam und Schneckentrompete<br>\u015ba\u1e45kha<\/td><td>Spieler: Mr. N\u0101kappan, Mr. \u0100ramukam, ?<\/td><td>00:41<\/td><td>&nbsp;<\/td><\/tr><tr><td>A10.<br>Sanduhrtrommel \u1e6dakkai<\/td><td>Spieler: Mr. R. P\u0101rth\u0101sarathi<\/td><td>00:45<\/td><td>&nbsp;<\/td><\/tr><tr><td>A11.<br>Sanduhrtrommel u\u1e6dukkai<\/td><td>Spieler: Mr. Natesa Chettiar<\/td><td>05:43<\/td><td>&nbsp;<\/td><\/tr><tr><td>A12.<br>Gesang mit Sanduhrtrommel u\u1e6dukkai und Gef\u00e4\u00dfrasseln kilukiluppai und<br>p\u016bc\u0101ri-kaiccilampu<\/td><td>S\u00e4nger und Spieler des u\u1e6dukkai:<br>Mr. Natesa Chettiar; Spieler der beiden Rasselinstrumente: Mr. \u015ariniv\u0101san<\/td><td>03:16<\/td><td>&nbsp;<\/td><\/tr><tr><td>A13.<br>Zylindertrommelspiel pampai<\/td><td>Spieler: Mr. Natesa Chettiar<\/td><td>03:45<\/td><td>&nbsp;<\/td><\/tr><tr><td>B1.<br>Gesang mit Zylindertrommelspiel pampai, Sanduhrtrommel u\u1e6dukkai, Gef\u00e4\u00dfrasseln<br>kilukiluppai und p\u016bc\u0101ri-kaiccilampu<\/td><td>S\u00e4nger und Spieler des pampai:<br>Mr. Natesa Chettiar; Spieler des u\u1e6dukkai: Mr. Maruge\u015ban; Spieler der Rasseln:<br>Mr. \u015ariniv\u0101san<\/td><td>02:54<\/td><td rowspan=\"24\">M-076479-B I<br>Manufactured in Germany<\/td><td rowspan=\"24\">Slika nalepnice B<br>(narand\u017easta nalepnica)<\/td><td>&nbsp;<\/td><\/tr><tr><td>B2.<br>Kesseltrommel nak\u0101r\u0101<\/td><td>Spieler: Mr. Dorasv\u0101mi<\/td><td>0:43<\/td><td>&nbsp;<\/td><\/tr><tr><td>B3.<br>Kesseltrommelspiel \u1e6dam\u0101ram<\/td><td>Spieler: Mr. R. P\u0101rth\u0101sarathi<\/td><td>01:14<\/td><td>&nbsp;<\/td><\/tr><tr><td>B4.<br>Kesseltrommelspiel \u1e6da\u1e45k\u0101<\/td><td>Spieler: Mr. Dorasv\u0101mi<\/td><td>00:31<\/td><td>&nbsp;<\/td><\/tr><tr><td>B5.<br>Kesseltrommelspiel ar\u0101pucca\u1e6d\u1e6di<\/td><td rowspan=\"2\">Spieler: Mr. M\u0101rttaiya<\/td><td>0:26<\/td><td>&nbsp;<\/td><\/tr><tr><td>B6.<br>Rahmentrommel tappa\u1e6d\u1e6dai<\/td><td>00:28<\/td><td>&nbsp;<\/td><\/tr><tr><td>B7.<br>Kesseltrommelspiel ar\u0101pucca\u1e6d\u1e6di und Rahmentrommel tappa\u1e6d\u1e6dai<\/td><td>Spieler: Mr. M\u0101rttaiya und ?<\/td><td>00:38<\/td><td>&nbsp;<\/td><\/tr><tr><td>B8.<br>Kesseltrommel tamukku<\/td><td>Spieler: Mr. Mat\u0101r<\/td><td>00:32<\/td><td>&nbsp;<\/td><\/tr><tr><td>B9.<br>Kesseltrommelspiel kunta\u1e37am<\/td><td>Spieler: Mr. R. P\u0101rth\u0101sarathi<\/td><td>1:14<\/td><td>&nbsp;<\/td><\/tr><tr><td>B10.<br>Fa\u00dftrommel ca\u1e49\u1e49a\u1e6d\u014dl<\/td><td>Spieler: Mr. R\u0101masv\u0101mi<\/td><td>00:24<\/td><td>&nbsp;<\/td><\/tr><tr><td>B11.<br>Fa\u00dftrommel tavil<\/td><td rowspan=\"2\">Spieler: Mr. R. P\u0101rth\u0101sarathi<\/td><td>01:19<\/td><td>&nbsp;<\/td><\/tr><tr><td>B12.<br>Fa\u00dftrommel tavil<\/td><td>0:40<\/td><td>&nbsp;<\/td><\/tr><tr><td>B13.<br>L\u00e4ngstuba p\u016bri<\/td><td rowspan=\"2\">Spieler: Mr. Maruge\u015ban<\/td><td>02:01<\/td><td>&nbsp;<\/td><\/tr><tr><td>B14.<br>L\u00e4ngstubenpaar tirucci\u1e49\u1e49am<\/td><td>00:32<\/td><td>&nbsp;<\/td><\/tr><tr><td>B15.<br>L\u00e4ngsh\u00f6rnerpaar k\u014dnatt\u0101rarai<\/td><td>Spieler: Mr. Dorasv\u0101mi und ?<\/td><td>00:14<\/td><td>&nbsp;<\/td><\/tr><tr><td>B16.<br>L\u00e4ngstuba napuri<\/td><td>Spieler: Mr. Dorasv\u0101mi, sp\u00e4ter Mr. R. P\u0101rt<span style=\"display: none;\">h\u0101sarathi<\/span><\/td><td>00:21<\/td><td>&nbsp;<\/td><\/tr><tr><td>B17.<br>L\u00e4ngstuba p\u0101\u1e45k\u0101<\/td><td>Spieler: Mr. R. P\u0101rth\u0101sarathi<\/td><td>0:36<\/td><td>&nbsp;<\/td><\/tr><tr><td>B18.<br>L\u00e4ngstuben napuri und p\u0101\u1e45k\u0101<\/td><td>Spieler: Mr. R. P\u0101rth\u0101sarathi und Dorasv\u0101<span style=\"display: none;\">mi<\/span><\/td><td>00:39<\/td><td>&nbsp;<\/td><\/tr><tr><td>B19.<br>L\u00e4ngstubenpaar kaurik\u0101\u1e37ai<\/td><td>Spieler: Mr. Dorasv\u0101mi und Mr. \u0100rumukam<\/td><td>00:28<\/td><td>&nbsp;<\/td><\/tr><tr><td>B20.<br>L\u00e4ngshorn va\u1e37avup\u016bri<\/td><td>Spieler: zuerst Mr. \u0100rumukam, dann Mr. N<span style=\"display: none;\">\u0101kappan<\/span><\/td><td>00:34<\/td><td>&nbsp;<\/td><\/tr><tr><td>B21.<br>L\u00e4ngstubenpaar kaurik\u0101\u1e37ai und L\u00e4ngshorn va\u1e37avup\u016bri<\/td><td>Spieler: Mr. Dorasv\u0101mi, Mr. \u0100rumukam, M<span style=\"display: none;\">r. N\u0101kappan<\/span><\/td><td>00:35<\/td><td>&nbsp;<\/td><\/tr><tr><td>B22.<br>Schneckentrompete dhavala\u015ba\u1e45kha<\/td><td>Spieler: Mr. N\u0101kappan<\/td><td>00:22<\/td><td>&nbsp;<\/td><\/tr><tr><td>B23.<br>Schneckentrompete dhavala\u015ba\u1e45kha und Kesseltrommelspiel kunta\u1e37am<\/td><td>Spieler: Mr. N\u0101kappan, Mr. R. P\u0101rth\u0101sarat<span style=\"display: none;\">hi, ?<\/span><\/td><td>01:04<\/td><td>&nbsp;<\/td><\/tr><tr><td>B24.<br>Schneckentrompete \u015ba\u1e45kha<\/td><td>Spieler: Mr. N\u0101kappan<\/td><td>00:24<\/td><td>&nbsp;<\/td><\/tr><tr><td rowspan=\"13\">279<\/td><td rowspan=\"13\">&nbsp;<\/td><td rowspan=\"13\">Great Neighbours Music Vol. 2<\/td><td>A1. We Come On First (J.<br>Preininger \/ D. Glawischnig)<\/td><td rowspan=\"13\">Neighbours: Dieter<br>Glawischnig, piano; Ewald Oberleitner, bass; John Preininger, drums<\/td><td rowspan=\"6\">20:01<\/td><td rowspan=\"13\">Diskos<\/td><td rowspan=\"13\">SFRJ\/Austrija<\/td><td rowspan=\"13\">1979<\/td><td rowspan=\"13\">LPL-762<\/td><td rowspan=\"6\">LPL-762 A 42BL<\/td><td rowspan=\"13\">Tonstudio Str<span class=\"font6\">\u00f6her, Inssbruck, 23.09.1979. <\/span><\/td><td rowspan=\"13\">S<\/td><td rowspan=\"6\">Slika nalepnice A (plava<br>nalepnica)<\/td><td rowspan=\"13\">foto + tekst<\/td><td rowspan=\"13\">Na pole\u0111ini omota<br>podaci o originalnom izdanju, izm. ostalog: Phonodisc (0120320) Vienna, Made<br>in Austria. Na prednjoj strani omota: &#8220;Our music has been played and<br>recorded in one set, incorporating a spectrum of different emotions and<br>thoughts. We would like to recommend, therefore, that you listen to both<br>sides of this album consecutively.<\/td><td rowspan=\"13\">&nbsp;<\/td><td rowspan=\"13\">Neo\u0161te\u0107ena<\/td><td rowspan=\"13\">&nbsp;<\/td><\/tr><tr><td>A2.<br>Moerser (D. Glawischnig)<\/td><\/tr><tr><td>A3.<br>Young Play (E. Oberleitner)<\/td><\/tr><tr><td>A4.<br>Styrian Weddding March (D. Glawischnig)<\/td><\/tr><tr><td>A5.<br>Seesaw (D. Glawischnig)<\/td><\/tr><tr><td>A6.<br>Catch 22 (J. Preininger)<\/td><\/tr><tr><td>B1.<br>Catch 22 (J. Preininger) (continues)<\/td><td rowspan=\"7\">20:44<\/td><td rowspan=\"7\">LPL-762 B<\/td><td rowspan=\"7\">Slika nalepnice B (plava<br>nalepnica)<\/td><\/tr><tr><td>B2.<br>Frisch from Fr\u00f6hlich Frei (D. Glawischnig)<\/td><\/tr><tr><td>B3. Free<br>Tattn (D. Glawischnig)<\/td><\/tr><tr><td>B4. Der<br>Dollar Brennt (D. Glawischnig)<\/td><\/tr><tr><td>B5.<br>Choral (D. Glawischnig)<\/td><\/tr><tr><td>B6. No<br>Pissing Like Show Pissing &#8211; Schiffi&#8217;s Mood (J. Preininger)<\/td><\/tr><tr><td>B7.<br>Snowman&#8217;s Lullaby (D. Glawischnig)<\/td><\/tr><tr><td rowspan=\"24\">280<\/td><td rowspan=\"24\">&nbsp;<\/td><td rowspan=\"24\">Almerisch. Juchzer<br>Rufe Jodler Lieder und Tanzweisen aus dem Ausserland<\/td><td>A1. Drei Juchzer<\/td><td>(German K\u00f6berl)<\/td><td>&nbsp;<\/td><td rowspan=\"24\">\u00d6sterreichische Phonothek<\/td><td rowspan=\"24\">Austrija<\/td><td rowspan=\"24\">1969<\/td><td rowspan=\"24\">\u00d6Ph 10006<\/td><td rowspan=\"14\">\u00d6PH 10006 A<\/td><td rowspan=\"24\">&nbsp;<\/td><td rowspan=\"24\">S\/M<\/td><td rowspan=\"14\">Slika nalepnice A<br>(crvenobela nalepnica)<\/td><td rowspan=\"24\">foto + tekst<\/td><td rowspan=\"24\">Tekst na nema\u010dkom na<br>unutra\u0161njoj strani omota, o narodnoj muzici. Autori: hans Gielge\/Walter<br>Deutsch. Separat 4 strane: program seminara na Institut f\u00fcr<br>Volksmusikforschung, Akademie f\u00fcr<br>Musik und dastellende Kunst Wien, 1969. Potpis Walter Deutsch<\/td><td rowspan=\"24\">&nbsp;<\/td><td rowspan=\"24\">Neo\u0161te\u0107ena<\/td><td rowspan=\"24\">Prikupio: Hans<br>Gielge. Izdanje Institut f\u00fcr Volksmusikforschung Wien<\/td><\/tr><tr><td>A2.<br>Vierfacher <span class=\"font6\">\u00dcberjuchzer<\/span><\/td><td>&nbsp;<\/td><td>&nbsp;<\/td><\/tr><tr><td>A3.<br>Almschrei mit Juchzer<\/td><td>&nbsp;<\/td><td>&nbsp;<\/td><\/tr><tr><td>A4. K<span class=\"font6\">\u00fchlockrufe I <\/span><\/td><td>(Ella Kal\u00df-N\u00f6ckler)<\/td><td>&nbsp;<\/td><\/tr><tr><td>A5.<br>K\u00fchlockrufe II<\/td><td>&nbsp;<\/td><td>&nbsp;<\/td><\/tr><tr><td>A6.<br>Scherzruf I<\/td><td>&nbsp;<\/td><td>&nbsp;<\/td><\/tr><tr><td>A7.<br>Scherzruf II &#8211; Zuruf und Antwort<\/td><td>&nbsp;<\/td><td>&nbsp;<\/td><\/tr><tr><td>A8. Ruf<br>der Beerenweiber I<\/td><td>(Mitzl Angerer-Waldhauser)<\/td><td>&nbsp;<\/td><\/tr><tr><td>A9.<br>Steirer &#8211; Ziehharmonika<\/td><td>(Hans Pre\u00dfl-Kriag)<\/td><td>&nbsp;<\/td><\/tr><tr><td>A10. Ruf<br>der Beerenweiber II<\/td><td>(Josefa Fuchs-Hauser)<\/td><td>&nbsp;<\/td><\/tr><tr><td>A11.<br>Almschrei I<\/td><td>(Mitzl Angerer-Waldhauser)<\/td><td>&nbsp;<\/td><\/tr><tr><td>A12.<br>Almschrei II<\/td><td>(Josefa Kals-Deaner)<\/td><td>&nbsp;<\/td><\/tr><tr><td>A13.<br>&#8220;Bschoad-toan&#8221; &#8211; Bescheid-tun<\/td><td>(Mitzl Angerer-Waldhauser)<\/td><td>&nbsp;<\/td><\/tr><tr><td>A14.<br>Gespr\u00e4ch mir einer Sennerin<\/td><td>(Ella Kal\u00df-N\u00f6ckler &#8211; Hans Gielge)<\/td><td>&nbsp;<\/td><\/tr><tr><td>B1.<br>&#8220;Das Riesn-Gschroa&#8221; &#8211; Holztrift<\/td><td colspan=\"2\">(Karl Amon, Alois<br>Gaiswinkler-Kronh\u00fctter, Hans Gielge)<\/td><td rowspan=\"10\">\u00d6PH 10006 B<\/td><td rowspan=\"10\">Slika nalepnice B<br>(crvenobela nalepnica)<\/td><\/tr><tr><td>B2.<br>Holzknechtsrufe<\/td><td>(Karl Amon)<\/td><td>&nbsp;<\/td><\/tr><tr><td>B3.<br>Schottischer &#8211; Ziehharmonika<\/td><td>(Hans Pre\u00dfl-Kriag)<\/td><td>&nbsp;<\/td><\/tr><tr><td>B4.<br>Gesang beim Pilotenschlagen<\/td><td>(Karl Schanzl, Max Schanzl, Hans Gielge)<\/td><td>&nbsp;<\/td><\/tr><tr><td>B5.<br>Polka &#8211; Ziehharmonika<\/td><td>(Hans Pre\u00dfl-Kriag)<\/td><td>&nbsp;<\/td><\/tr><tr><td>B6.<br>&#8220;Der Weiberer&#8221; &#8211; Dreistimmiger Jodler<\/td><td colspan=\"2\">(Herta Binna, Hanni<br>Gaibinger, Adl Egglmeier-Scheibne<span style=\"display: none;\">r)<\/span><\/td><\/tr><tr><td>B7.<br>Walzer &#8211; Ziehharmonika<\/td><td>(Hans Pre\u00dfl-Kriag)<\/td><td>&nbsp;<\/td><\/tr><tr><td>B8. Das<br>Alte Erzherzog Johann-Lied<\/td><td colspan=\"2\">(Herta Binna, Adl<br>Egglmeier-Scheibner, Max Schanzl)<\/td><\/tr><tr><td>B9.<br>Almlied &#8211; &#8220;Ei du mei liabe Schwoagerin&#8221;<\/td><td colspan=\"2\">(Herta Binna, Adl<br>Egglmeier-Scheibner, Max Schanzl, H<span style=\"display: none;\">ans Gielge)<\/span><\/td><\/tr><tr><td>B10. Der<br>Alte Ausseer Faschingsmarsch -Ziehharmonika<\/td><td>(Hans Pre\u00dfl-Kriag)<\/td><td>&nbsp;<\/td><\/tr><tr><td rowspan=\"24\">281<\/td><td rowspan=\"24\">&nbsp;<\/td><td rowspan=\"24\">Wer Den Niat Ka(nn) &#8211;<br>Volksmusik aus der Oberpfalz &#8211; Herausgegeben im Auftrag des Bezirkstags der<br>Oberpfalz<\/td><td>A1. Auwasser-Arie (Fragment)<\/td><td colspan=\"2\">Dr. Adolf J. Eichenseer<br>(Dudelsack), Regensburg (Stadt<span style=\"display: none;\">kreis)<\/span><\/td><td rowspan=\"24\">Colosseum<\/td><td rowspan=\"24\">Nema\u010dka<\/td><td rowspan=\"24\">&nbsp;<\/td><td rowspan=\"24\">Colos SM 3014<\/td><td rowspan=\"13\">COLOS-SM 3014-A<\/td><td rowspan=\"24\">&nbsp;<\/td><td rowspan=\"24\">S\/M<\/td><td rowspan=\"13\">Slika nalepnice A<br>(narand\u017easta nalepnica)<\/td><td rowspan=\"24\">foto + tekst<\/td><td rowspan=\"24\">Tekstovi na omotu na<br>nema\u010dkom jeziku o izdanju i o nar. Muzici Oberpfalza. Autori: Benno Zierer,<br>Dr. Adolf J. Eichenseer. Separat 1 strana, tekstovi pesama na nema\u010dkom<br>jeziku.<\/td><td rowspan=\"24\">&nbsp;<\/td><td rowspan=\"24\">Neo\u0161te\u0107ena<\/td><td rowspan=\"24\">&nbsp;<\/td><\/tr><tr><td>A2.<br>Schottisch Nr. 2<\/td><td colspan=\"2\">Blaskapelle<br>&#8220;Saulocker&#8221;, Regensburg (Stadtkreis)<\/td><\/tr><tr><td>A3. Wer<br>den niat ka(nn)<\/td><td>Birgl\u00e4nder Moila,<br>Sulzbach-Rosenberg (Lk. Amberg-Sulzbach). Begleitung: Birgl\u00e4nder Musikanten,<br>Sulzbach-Rosenberg (Lk. Amberg-Sulzbach)<\/td><td>&nbsp;<\/td><\/tr><tr><td>A4.<br>Federnzupfer (Zwiefacher)<\/td><td>Siegi Lott (Maultrommel), Rohr<br>(Lk. Neumarkt). Beigleitung: Brigitte Kornd\u00f6rfer, Woffenbach (Lk. Neumarkt).<\/td><td>&nbsp;<\/td><\/tr><tr><td>A5. Heut<br>schlagt der Finki im Wald<\/td><td>Familie Zupfer, Neustadt a.d.<br>Waldnaab (Lk. Neustadt a.d.W.) Beigleitung: Max Grellner, Unterachtel (Lk.<br>Amberg-Sulzbach).<\/td><td>&nbsp;<\/td><\/tr><tr><td>A6. S Zuserl (Zwiefacher)<\/td><td>Amberger Harmonika-Duo<br>(Stadtkreis Amberg)<\/td><td>&nbsp;<\/td><\/tr><tr><td>A7. Und<br>mei(n) Vatter, mei(n) Muatter<\/td><td>Gesangsgruppe Lappersdorf,<br>Lappersdorf (Lk. Regensburg). Beigleitung: Werner Seitz, Parsberg (Lk.<br>Neumarkt)<\/td><td>&nbsp;<\/td><\/tr><tr><td>A8.<br>Voder, wann gibst ma denn s Hoamatl<\/td><td>Neukirchner S\u00e4nger,<br>Neukirchen-Hl. Blut (Lk. Cham); Begleitung: Hans Keml, Neukirchen-Hl. Blut<br>(Lk. Cham)<\/td><td>&nbsp;<\/td><\/tr><tr><td>A9.<br>T\u00e4nnesberger Walzer<\/td><td>Garchinger Pfeiferlbuam<\/td><td>&nbsp;<\/td><\/tr><tr><td>A10. I<br>woa\u00df a kloans H\u00e4userl am Roa(n)<\/td><td>Gesangsgruppe Kriegner, Ramspau<br>(Lk. Regensburg). Begleitung: Mathias Kriegner jun. und Gebr. Scherm,<br>Regensburg (Stadtkreis)<\/td><td>&nbsp;<\/td><\/tr><tr><td>A11. Da\u00df<br>i a lustigs B\u00fcrscherl bin<\/td><td>Spindler Boum, Roding (Lk. Cham)<br>Begleitung: selbst.<\/td><td>&nbsp;<\/td><\/tr><tr><td>A12. De<br>sch\u00f6i(n) Gretl (Schottisch)<\/td><td>Geschwister Maier, Lupburg (Lk.<br>Neumarkt)<\/td><td>&nbsp;<\/td><\/tr><tr><td>A13.<br>Rumpadi, pumpadi<\/td><td>Gietl-Kinder, Leonberg (Lk.<br>Schwandorf) Begleitung: Mathias Kriegner jun. und Gebr. Scherm, Regensburg<br>(Stadtkreis)<\/td><td>&nbsp;<\/td><\/tr><tr><td>B1.<br>M\u00fcnchenreuther Pfeiferl-Landler<\/td><td>Volksmusikgruppe Schiegl,<br>Regensburg (Stadtkreis)<\/td><td>&nbsp;<\/td><td rowspan=\"11\">COLOS-SM 3014-B<\/td><td rowspan=\"11\">Slika nalepnice B<br>(narand\u017easta nalepnica)<\/td><\/tr><tr><td>B2. Und<br>\u00f6iermal habn ma an Dotsch ghabt<\/td><td>Geschwister Glas, Donaustauf<br>(Lk. Regensburg), Begleitung: Willi Beutel, Donaustauf (Lk. Regensburg)<\/td><td>&nbsp;<\/td><\/tr><tr><td>B3.<br>M\u00fcnchenreuther Polka<\/td><td>Geigenmusi des<br>Albrecht-Altdorfer-Gymnasiums Regensburg (Stadtkreis) Leitung: Otto Vielberth<\/td><td>&nbsp;<\/td><\/tr><tr><td>B4. Der<br>Oasiedl vo(n) Bogn<\/td><td>Kumpfm\u00fchler S\u00e4nger, Regensburg<br>(Stadtkreis), Begleitung: Volksmusikgruppe Schiegl, Regensburg (Stadtkreis)<\/td><td>&nbsp;<\/td><\/tr><tr><td>B5. Der<br>Hupfat (L\u00e4ndler)<\/td><td>Amberger Harmonika-Duo, Amberg<br>(Stadtkreis )<\/td><td>&nbsp;<\/td><\/tr><tr><td>B6.<br>Leut, Leut, Leutl, m\u00fca\u00dfts lustig sei(n)<\/td><td>Gesangsgruppe Kriegner, Ramspau<br>(Lk. Regensburg). Begleitung: Mathias Kriegner jun. und Gebr. Scherm,<br>Regensburg (Stadtkreis)<\/td><td>&nbsp;<\/td><\/tr><tr><td>B7.<br>G\u00e4nsh\u00f6iter-Gingei (Zwiefacher)<\/td><td>Blaskapelle<br>&#8220;Saulocker&#8221;, Regensburg (Stadtkreis)<\/td><td>&nbsp;<\/td><\/tr><tr><td>B8. Soll<br>denn des a Kirwa sa(n)?<\/td><td>Spindler Boum, Roding (Lk. Cham)<br>Begleitung: selbst.<\/td><td>&nbsp;<\/td><\/tr><tr><td>B9.<br>Bredl-Girgl (Zwiefacher)<\/td><td>Hans Keml, Neukirchen-Hl. Blut<br>(Lk. Cham)<\/td><td>&nbsp;<\/td><\/tr><tr><td>B10. Ja,<br>gr\u00fca\u00df di Gott, Leutln (Schnaderh\u00fcpfl)<\/td><td>Franz Vogl, Stachesried (Lk.<br>Cham) Begleitung: Hans Keml, Neukirchen-Hl. Blut (Lk. Cham)<\/td><td>&nbsp;<\/td><\/tr><tr><td>B11.<br>Neukirchner Schottisch<\/td><td>Sulzbacher Klarinettenmusi,<br>Sulzbach-Rosenberg (Lk. Amberg-Sulzbach)<\/td><td>&nbsp;<\/td><\/tr><tr><td>&nbsp;<\/td><td>&nbsp;<\/td><td>&nbsp;<\/td><td>&nbsp;<\/td><td>&nbsp;<\/td><td>&nbsp;<\/td><td>&nbsp;<\/td><td>&nbsp;<\/td><td>&nbsp;<\/td><td>&nbsp;<\/td><td>&nbsp;<\/td><td>&nbsp;<\/td><td>&nbsp;<\/td><td>&nbsp;<\/td><td>&nbsp;<\/td><td>&nbsp;<\/td><td>&nbsp;<\/td><td>&nbsp;<\/td><td>&nbsp;<\/td><\/tr><\/tbody><\/table><\/figure>\n\n\n\n<p class=\"has-small-font-size\">&nbsp;<\/p>\n\n\n\n<p class=\"has-small-font-size\"><\/p>\n","protected":false},"excerpt":{"rendered":"<p>Red.br.unosa Signatura Naslov plo\u010de Sadr\u017eaj\/Repertoar Izvo\u0111a\u010d Trajanje numere Izdava\u010d Zemlja Godina Katalo\u0161ki broj Broj matrice Mestosnimanja\/studio\/lokacija\/godina Tip snimka M\/S Nalepnica (link) Omot (link) Prate\u0107i materijal(programska knji\u017eica, itd) Digitalna kopija Fizi\u010dko stanjeplo\u010de Ostalo (pe\u010dat isl.) 83 &nbsp; Das StaatlicheVolkskunst-Ensemble der DDR musiziert. Lieder der V\u00f6lker11 A1. Ich ging zu einem Fr\u00fchmorgen Leitung: Heinrich Moser, DasStaatliche Volkskunst-Ensemble [&hellip;]<\/p>\n","protected":false},"author":5,"featured_media":0,"parent":0,"menu_order":0,"comment_status":"closed","ping_status":"closed","template":"","meta":{"ngg_post_thumbnail":0,"footnotes":""},"class_list":["post-5104","page","type-page","status-publish","hentry"],"_links":{"self":[{"href":"https:\/\/appmes.rs\/index.php\/wp-json\/wp\/v2\/pages\/5104","targetHints":{"allow":["GET"]}}],"collection":[{"href":"https:\/\/appmes.rs\/index.php\/wp-json\/wp\/v2\/pages"}],"about":[{"href":"https:\/\/appmes.rs\/index.php\/wp-json\/wp\/v2\/types\/page"}],"author":[{"embeddable":true,"href":"https:\/\/appmes.rs\/index.php\/wp-json\/wp\/v2\/users\/5"}],"replies":[{"embeddable":true,"href":"https:\/\/appmes.rs\/index.php\/wp-json\/wp\/v2\/comments?post=5104"}],"version-history":[{"count":7,"href":"https:\/\/appmes.rs\/index.php\/wp-json\/wp\/v2\/pages\/5104\/revisions"}],"predecessor-version":[{"id":5400,"href":"https:\/\/appmes.rs\/index.php\/wp-json\/wp\/v2\/pages\/5104\/revisions\/5400"}],"wp:attachment":[{"href":"https:\/\/appmes.rs\/index.php\/wp-json\/wp\/v2\/media?parent=5104"}],"curies":[{"name":"wp","href":"https:\/\/api.w.org\/{rel}","templated":true}]}}